CRAN Package Check Results for Package repurrrsive

Last updated on 2022-12-09 22:56:01 CET.

Flavor Version Tinstall Tcheck Ttotal Status Flags
r-devel-linux-x86_64-debian-clang 1.0.0 3.96 51.81 55.77 OK
r-devel-linux-x86_64-debian-gcc 1.0.0 3.49 39.37 42.86 OK
r-devel-linux-x86_64-fedora-clang 1.0.0 80.85 NOTE
r-devel-linux-x86_64-fedora-gcc 1.0.0 77.66 NOTE
r-devel-windows-x86_64 1.0.0 23.00 81.00 104.00 OK
r-patched-linux-x86_64 1.0.0 5.55 49.66 55.21 OK
r-release-linux-x86_64 1.0.0 5.11 48.88 53.99 OK
r-release-macos-arm64 1.0.0 24.00 NOTE
r-release-macos-x86_64 1.0.0 36.00 NOTE
r-release-windows-x86_64 1.0.0 26.00 84.00 110.00 OK
r-oldrel-macos-arm64 1.0.0 27.00 NOTE
r-oldrel-macos-x86_64 1.0.0 40.00 NOTE
r-oldrel-windows-ix86+x86_64 1.0.0 11.00 77.00 88.00 OK

Check Details

Version: 1.0.0
Check: data for non-ASCII characters
Result: NOTE
     Note: found 25 marked UTF-8 strings
Flavors: r-devel-linux-x86_64-fedora-clang, r-devel-linux-x86_64-fedora-gcc, r-release-macos-arm64, r-release-macos-x86_64, r-oldrel-macos-arm64, r-oldrel-macos-x86_64