CRAN Package Check Results for Package repmis

Last updated on 2021-10-26 20:51:05 CEST.

Flavor Version Tinstall Tcheck Ttotal Status Flags
r-devel-linux-x86_64-debian-clang 0.5 3.75 44.08 47.83 NOTE
r-devel-linux-x86_64-debian-gcc 0.5 3.07 33.86 36.93 NOTE
r-devel-linux-x86_64-fedora-clang 0.5 68.27 NOTE
r-devel-linux-x86_64-fedora-gcc 0.5 56.69 NOTE
r-devel-windows-x86_64 0.5 7.00 63.00 70.00 OK
r-devel-windows-x86_64-gcc10-UCRT 0.5 OK
r-patched-linux-x86_64 0.5 6.29 34.13 40.42 NOTE
r-patched-solaris-x86 0.5 73.40 NOTE
r-release-linux-x86_64 0.5 3.71 34.03 37.74 NOTE
r-release-macos-arm64 0.5 OK
r-release-macos-x86_64 0.5 OK
r-release-windows-ix86+x86_64 0.5 6.00 55.00 61.00 OK
r-oldrel-macos-x86_64 0.5 OK
r-oldrel-windows-ix86+x86_64 0.5 10.00 59.00 69.00 OK

Check Details

Version: 0.5
Check: for non-standard things in the check directory
Result: NOTE
    Found the following files/directories:
     'PackageCites.bib'
Flavors: r-devel-linux-x86_64-debian-clang, r-devel-linux-x86_64-debian-gcc, r-devel-linux-x86_64-fedora-clang, r-devel-linux-x86_64-fedora-gcc, r-patched-linux-x86_64, r-patched-solaris-x86, r-release-linux-x86_64