CRAN Package Check Results for Package repana

Last updated on 2021-09-20 20:49:03 CEST.

Flavor Version Tinstall Tcheck Ttotal Status Flags
r-devel-linux-x86_64-debian-clang 1.23.1 7.47 98.63 106.10 OK
r-devel-linux-x86_64-debian-gcc 1.23.1 6.46 75.30 81.76 OK
r-devel-linux-x86_64-fedora-clang 1.23.2 134.50 OK
r-devel-linux-x86_64-fedora-gcc 1.23.2 120.47 OK
r-devel-windows-x86_64 1.23.1 9.00 112.00 121.00 OK
r-devel-windows-x86_64-gcc10-UCRT 1.23.1 ERROR
r-patched-linux-x86_64 1.23.1 8.08 92.74 100.82 OK
r-patched-solaris-x86 1.23.2 150.60 OK
r-release-linux-x86_64 1.23.1 6.39 93.70 100.09 OK
r-release-macos-arm64 1.23.1 OK
r-release-macos-x86_64 1.23.1 OK
r-release-windows-ix86+x86_64 1.23.1 17.00 103.00 120.00 OK
r-oldrel-macos-x86_64 1.23.1 OK
r-oldrel-windows-ix86+x86_64 1.23.1 18.00 110.00 128.00 OK

Check Details

Version: 1.23.1
Check: whether package can be installed
Result: WARN
    Found the following significant warnings:
     WARNING: installation-time patches will not be applied, could not get the patches index
Flavor: r-devel-windows-x86_64-gcc10-UCRT

Version: 1.23.1
Check: PDF version of manual
Result: WARN
    LaTeX errors when creating PDF version.
    This typically indicates Rd problems.
Flavor: r-devel-windows-x86_64-gcc10-UCRT

Version: 1.23.1
Check: PDF version of manual without hyperrefs or index
Result: ERROR
    Re-running with no redirection of stdout/stderr.
Flavor: r-devel-windows-x86_64-gcc10-UCRT