Last updated on 2023-03-26 08:57:03 CEST.
Flavor | Version | Tinstall | Tcheck | Ttotal | Status | Flags |
---|---|---|---|---|---|---|
r-devel-linux-x86_64-debian-clang | 0.17.2 | 22.79 | 144.32 | 167.11 | OK | |
r-devel-linux-x86_64-debian-gcc | 0.17.2 | 14.80 | 108.25 | 123.05 | OK | |
r-devel-linux-x86_64-fedora-clang | 0.17.2 | 220.18 | OK | |||
r-devel-linux-x86_64-fedora-gcc | 0.17.2 | 207.22 | OK | |||
r-patched-linux-x86_64 | 0.17.2 | 21.34 | 136.61 | 157.95 | OK | |
r-release-linux-x86_64 | 0.17.2 | 17.55 | 132.74 | 150.29 | OK | |
r-release-macos-arm64 | 0.17.2 | 66.00 | OK | |||
r-release-macos-x86_64 | 0.17.2 | 98.00 | OK | |||
r-release-windows-x86_64 | 0.17.2 | 244.00 | 169.00 | 413.00 | OK | |
r-oldrel-macos-arm64 | 0.17.2 | 71.00 | OK | |||
r-oldrel-macos-x86_64 | 0.17.2 | 109.00 | OK | |||
r-oldrel-windows-ix86+x86_64 | 0.17.2 | 34.00 | 156.00 | 190.00 | WARN |
Version: 0.17.2
Check: for unstated dependencies in ‘tests’
Result: WARN
Warning: unable to access index for repository https://bioconductor.org/packages/3.14/bioc/src/contrib:
cannot open URL 'https://bioconductor.org/packages/3.14/bioc/src/contrib/PACKAGES'
Warning: unable to access index for repository https://bioconductor.org/packages/3.14/data/annotation/src/contrib:
cannot open URL 'https://bioconductor.org/packages/3.14/data/annotation/src/contrib/PACKAGES'
Warning: unable to access index for repository https://bioconductor.org/packages/3.14/data/experiment/src/contrib:
cannot open URL 'https://bioconductor.org/packages/3.14/data/experiment/src/contrib/PACKAGES'
Flavor: r-oldrel-windows-ix86+x86_64