CRAN Package Check Results for Package relgam

Last updated on 2023-02-02 19:51:31 CET.

Flavor Version Tinstall Tcheck Ttotal Status Flags
r-devel-linux-x86_64-debian-clang 1.0 3.33 60.06 63.39 NOTE
r-devel-linux-x86_64-debian-gcc 1.0 2.59 43.27 45.86 NOTE
r-devel-linux-x86_64-fedora-clang 1.0 76.96 NOTE
r-devel-linux-x86_64-fedora-gcc 1.0 85.42 NOTE
r-patched-linux-x86_64 1.0 3.64 56.45 60.09 NOTE
r-release-linux-x86_64 1.0 2.79 57.73 60.52 NOTE
r-release-macos-arm64 1.0 29.00 NOTE
r-release-macos-x86_64 1.0 37.00 NOTE
r-release-windows-x86_64 1.0 14.00 98.00 112.00 NOTE
r-oldrel-macos-arm64 1.0 30.00 NOTE
r-oldrel-macos-x86_64 1.0 47.00 NOTE
r-oldrel-windows-ix86+x86_64 1.0 7.00 92.00 99.00 NOTE

Check Details

Version: 1.0
Check: LazyData
Result: NOTE
     'LazyData' is specified without a 'data' directory
Flavors: r-devel-linux-x86_64-debian-clang, r-devel-linux-x86_64-debian-gcc, r-devel-linux-x86_64-fedora-clang, r-devel-linux-x86_64-fedora-gcc, r-patched-linux-x86_64, r-release-linux-x86_64, r-release-macos-arm64, r-release-macos-x86_64, r-release-windows-x86_64, r-oldrel-macos-arm64, r-oldrel-macos-x86_64, r-oldrel-windows-ix86+x86_64