CRAN Package Check Results for Package regtools

Last updated on 2023-03-23 07:54:38 CET.

Flavor Version Tinstall Tcheck Ttotal Status Flags
r-devel-linux-x86_64-debian-clang 1.7.0 17.78 142.47 160.25 ERROR
r-devel-linux-x86_64-debian-gcc 1.7.0 12.72 105.34 118.06 OK
r-devel-linux-x86_64-fedora-clang 1.7.0 204.50 NOTE
r-devel-linux-x86_64-fedora-gcc 1.7.0 203.12 OK
r-patched-linux-x86_64 1.7.0 14.71 125.59 140.30 OK
r-release-linux-x86_64 1.7.0 15.73 125.47 141.20 OK
r-release-macos-arm64 1.7.0 53.00 OK
r-release-macos-x86_64 1.7.0 92.00 OK
r-release-windows-x86_64 1.7.0 27.00 247.00 274.00 OK
r-oldrel-macos-arm64 1.7.0 51.00 OK
r-oldrel-macos-x86_64 1.7.0 68.00 OK
r-oldrel-windows-ix86+x86_64 1.7.0 31.00 153.00 184.00 OK

Check Details

Version: 1.7.0
Check: examples
Result: ERROR
    Running examples in ‘regtools-Ex.R’ failed
    The error most likely occurred in:
    
    > base::assign(".ptime", proc.time(), pos = "CheckExEnv")
    > ### Name: fineTuning,knnFineTune
    > ### Title: Grid Search Plus More
    > ### Aliases: fineTuning knnFineTune fineTuningPar plot.tuner
    >
    > ### ** Examples
    >
    >
    > # mlb data set, predict weight using k-NN, try various values of k
    >
    > tc <- function(dtrn,dtst,cmbi,...)
    + {
    + knnout <- kNN(dtrn[,-3],dtrn[,3],dtst[,-3],as.integer(cmbi[1]))
    + preds <- knnout$regests
    + mean(abs(preds - dtst[,3]))
    + }
    >
    > data(mlb)
    > mlb <- mlb[,3:6]
    > mlb.d <- factorsToDummies(mlb)
    > fineTuning(mlb.d,list(k=c(5,25)),tc,nTst=100,nXval=2)
    Error in FNN::get.knnx(data = x, query = newx, k = kmax1) :
     DLL requires the use of native symbols
    error in comb 5
    Error in fineTuning(mlb.d, list(k = c(5, 25)), tc, nTst = 100, nXval = 2) :
    
    Execution halted
Flavor: r-devel-linux-x86_64-debian-clang

Version: 1.7.0
Check: startup messages can be suppressed
Result: NOTE
    OMP: Warning #96: Cannot form a team with 24 threads, using 2 instead.
    OMP: Hint Consider unsetting KMP_DEVICE_THREAD_LIMIT (KMP_ALL_THREADS), KMP_TEAMS_THREAD_LIMIT, and OMP_THREAD_LIMIT (if any are set).
    
    It looks like this package (or a package it requires) has a startup
    message which cannot be suppressed: see ?packageStartupMessage.
Flavor: r-devel-linux-x86_64-fedora-clang