CRAN Package Check Results for Package regressoR

Last updated on 2019-08-25 10:46:28 CEST.

Flavor Version Tinstall Tcheck Ttotal Status Flags
r-devel-linux-x86_64-debian-clang 1.1.7 6.67 49.09 55.76 OK
r-devel-linux-x86_64-debian-gcc 1.1.7 5.70 38.31 44.01 OK
r-devel-linux-x86_64-fedora-clang 1.1.7 66.56 NOTE
r-devel-linux-x86_64-fedora-gcc 1.1.7 68.69 NOTE
r-devel-windows-ix86+x86_64 1.1.7 16.00 152.00 168.00 OK
r-patched-linux-x86_64 1.1.7 5.97 47.78 53.75 OK
r-patched-solaris-x86 1.1.7 90.20 NOTE
r-release-linux-x86_64 1.1.7 5.72 48.03 53.75 OK
r-release-windows-ix86+x86_64 1.1.7 34.00 125.00 159.00 OK
r-release-osx-x86_64 1.1.7 NOTE
r-oldrel-windows-ix86+x86_64 1.1.7 12.00 95.00 107.00 OK
r-oldrel-osx-x86_64 1.1.7 NOTE

Check Details

Version: 1.1.7
Check: dependencies in R code
Result: NOTE
    Namespaces in Imports field not imported from:
     ‘ROCR’ ‘colourpicker’ ‘corrplot’ ‘e1071’ ‘flexdashboard’ ‘gbm’
     ‘glmnet’ ‘kknn’ ‘neuralnet’ ‘rattle’ ‘rpart’ ‘shinyWidgets’
     ‘shinydashboardPlus’ ‘shinyjs’ ‘xgboost’ ‘zip’
     All declared Imports should be used.
Flavors: r-devel-linux-x86_64-fedora-clang, r-devel-linux-x86_64-fedora-gcc, r-patched-solaris-x86, r-release-osx-x86_64, r-oldrel-osx-x86_64