CRAN Package Check Results for Package regressoR

Last updated on 2020-01-23 09:52:16 CET.

Flavor Version Tinstall Tcheck Ttotal Status Flags
r-devel-linux-x86_64-debian-clang 1.1.8 7.65 54.39 62.04 OK
r-devel-linux-x86_64-debian-gcc 1.1.8 5.87 42.52 48.39 OK
r-devel-linux-x86_64-fedora-clang 1.1.8 77.44 NOTE
r-devel-linux-x86_64-fedora-gcc 1.1.8 72.28 NOTE
r-devel-windows-ix86+x86_64 1.1.8 36.00 123.00 159.00 OK
r-devel-windows-ix86+x86_64-gcc8 1.1.8 26.00 88.00 114.00 OK
r-patched-linux-x86_64 1.1.8 6.23 48.43 54.66 OK
r-patched-solaris-x86 1.1.8 99.50 NOTE
r-release-linux-x86_64 1.1.8 5.76 48.50 54.26 OK
r-release-windows-ix86+x86_64 1.1.8 14.00 83.00 97.00 OK
r-release-osx-x86_64 1.1.8 NOTE
r-oldrel-windows-ix86+x86_64 1.1.8 8.00 84.00 92.00 OK
r-oldrel-osx-x86_64 1.1.8 NOTE

Additional issues

noSuggests

Check Details

Version: 1.1.8
Check: package dependencies
Result: NOTE
    Imports includes 24 non-default packages.
    Importing from so many packages makes the package vulnerable to any of
    them becoming unavailable. Move as many as possible to Suggests and
    use conditionally.
Flavor: r-devel-linux-x86_64-fedora-clang

Version: 1.1.8
Check: dependencies in R code
Result: NOTE
    Namespaces in Imports field not imported from:
     ‘ROCR’ ‘colourpicker’ ‘corrplot’ ‘e1071’ ‘flexdashboard’ ‘gbm’
     ‘glmnet’ ‘kknn’ ‘neuralnet’ ‘rattle’ ‘rpart’ ‘shinyWidgets’
     ‘shinydashboardPlus’ ‘shinyjs’ ‘xgboost’ ‘zip’
     All declared Imports should be used.
Flavors: r-devel-linux-x86_64-fedora-clang, r-devel-linux-x86_64-fedora-gcc, r-patched-solaris-x86, r-release-osx-x86_64, r-oldrel-osx-x86_64