CRAN Package Check Results for Package regplot

Last updated on 2022-01-25 07:50:18 CET.

Flavor Version Tinstall Tcheck Ttotal Status Flags
r-devel-linux-x86_64-debian-clang 1.1 17.06 104.84 121.90 OK
r-devel-linux-x86_64-debian-gcc 1.1 16.37 82.22 98.59 OK
r-devel-linux-x86_64-fedora-clang 1.1 149.12 OK
r-devel-linux-x86_64-fedora-gcc 1.1 140.65 OK
r-devel-windows-x86_64-new-UL 1.1 37.00 110.00 147.00 OK
r-devel-windows-x86_64-new-TK 1.1 ERROR
r-patched-linux-x86_64 1.1 14.43 103.14 117.57 OK
r-release-linux-x86_64 1.1 17.09 100.04 117.13 OK
r-release-macos-arm64 1.1 OK
r-release-macos-x86_64 1.1 OK
r-release-windows-ix86+x86_64 1.1 32.00 112.00 144.00 OK
r-oldrel-macos-x86_64 1.1 OK
r-oldrel-windows-ix86+x86_64 1.1 32.00 111.00 143.00 OK

Check Details

Version: 1.1
Check: package dependencies
Result: ERROR
    Package required but not available: 'lme4'
    
    See section 'The DESCRIPTION file' in the 'Writing R Extensions'
    manual.
Flavor: r-devel-windows-x86_64-new-TK