CRAN Package Check Results for Package regmedint

Last updated on 2021-11-27 07:50:00 CET.

Flavor Version Tinstall Tcheck Ttotal Status Flags
r-devel-linux-x86_64-debian-clang 0.2.1 OK
r-devel-linux-x86_64-debian-gcc 0.2.1 8.16 122.93 131.09 OK
r-devel-linux-x86_64-fedora-clang 0.2.1 228.44 NOTE
r-devel-linux-x86_64-fedora-gcc 0.2.1 229.39 NOTE
r-devel-windows-x86_64-new-UL 0.2.1 26.00 234.00 260.00 OK
r-devel-windows-x86_64-new-TK 0.2.1 NOTE
r-devel-windows-x86_64-old 0.2.1 9.00 210.00 219.00 OK
r-patched-linux-x86_64 0.2.1 10.34 174.61 184.95 OK
r-patched-solaris-x86 0.2.1 201.30 NOTE
r-release-linux-x86_64 0.2.1 OK
r-release-macos-arm64 0.2.1 NOTE
r-release-macos-x86_64 0.2.1 NOTE
r-release-windows-ix86+x86_64 0.2.1 19.00 154.00 173.00 OK
r-oldrel-macos-x86_64 0.2.1 NOTE
r-oldrel-windows-ix86+x86_64 0.2.1 15.00 221.00 236.00 OK

Check Details

Version: 0.2.1
Check: dependencies in R code
Result: NOTE
    Namespace in Imports field not imported from: ‘Deriv’
     All declared Imports should be used.
Flavors: r-devel-linux-x86_64-fedora-clang, r-devel-linux-x86_64-fedora-gcc, r-devel-windows-x86_64-new-TK, r-patched-solaris-x86, r-release-macos-arm64, r-release-macos-x86_64, r-oldrel-macos-x86_64