Last updated on 2023-02-04 12:57:27 CET.
Flavor | Version | Tinstall | Tcheck | Ttotal | Status | Flags |
---|---|---|---|---|---|---|
r-devel-linux-x86_64-debian-clang | 0.1.8 | 10.10 | 104.23 | 114.33 | OK | |
r-devel-linux-x86_64-debian-gcc | 0.1.8 | 7.81 | 78.31 | 86.12 | OK | |
r-devel-linux-x86_64-fedora-clang | 0.1.8 | 139.44 | NOTE | |||
r-devel-linux-x86_64-fedora-gcc | 0.1.8 | 154.89 | NOTE | |||
r-devel-windows-x86_64 | 0.1.8 | 38.00 | 151.00 | 189.00 | OK | |
r-patched-linux-x86_64 | 0.1.8 | 11.35 | 100.96 | 112.31 | OK | |
r-release-linux-x86_64 | 0.1.8 | 8.26 | 95.08 | 103.34 | OK | |
r-release-macos-arm64 | 0.1.8 | 44.00 | NOTE | |||
r-release-macos-x86_64 | 0.1.8 | 87.00 | NOTE | |||
r-release-windows-x86_64 | 0.1.8 | 36.00 | 168.00 | 204.00 | OK | |
r-oldrel-macos-arm64 | 0.1.8 | 42.00 | NOTE | |||
r-oldrel-macos-x86_64 | 0.1.8 | 59.00 | NOTE | |||
r-oldrel-windows-ix86+x86_64 | 0.1.8 | 21.00 | 143.00 | 164.00 | OK |
Version: 0.1.8
Check: data for non-ASCII characters
Result: NOTE
Note: found 2 marked Latin-1 strings
Note: found 50022 marked UTF-8 strings
Flavors: r-devel-linux-x86_64-fedora-clang, r-devel-linux-x86_64-fedora-gcc, r-release-macos-arm64, r-release-macos-x86_64, r-oldrel-macos-arm64, r-oldrel-macos-x86_64