CRAN Package Check Results for Package refdb

Last updated on 2024-03-03 08:52:43 CET.

Flavor Version Tinstall Tcheck Ttotal Status Flags
r-devel-linux-x86_64-debian-clang 0.1.1 5.05 84.44 89.49 NOTE
r-devel-linux-x86_64-debian-gcc 0.1.1 4.32 65.15 69.47 NOTE
r-devel-linux-x86_64-fedora-clang 0.1.1 114.11 NOTE
r-devel-linux-x86_64-fedora-gcc 0.1.1 118.51 NOTE
r-devel-windows-x86_64 0.1.1 8.00 93.00 101.00 OK
r-patched-linux-x86_64 0.1.1 6.48 82.14 88.62 OK
r-release-linux-x86_64 0.1.1 5.87 82.07 87.94 OK
r-release-macos-arm64 0.1.1 44.00 OK
r-release-macos-x86_64 0.1.1 75.00 OK
r-release-windows-x86_64 0.1.1 10.00 107.00 117.00 OK
r-oldrel-macos-arm64 0.1.1 33.00 OK
r-oldrel-windows-x86_64 0.1.1 9.00 110.00 119.00 OK

Check Details

Version: 0.1.1
Check: Rd files
Result: NOTE checkRd: (-1) refdb_import_BOLD.Rd:63: Lost braces 63 | link[bold]{bold_stats} and \link[bold]{bold_seqspec} | ^ Flavors: r-devel-linux-x86_64-debian-clang, r-devel-linux-x86_64-debian-gcc, r-devel-linux-x86_64-fedora-clang, r-devel-linux-x86_64-fedora-gcc