CRAN Package Check Results for Package ref.ICAR

Last updated on 2024-02-25 07:49:58 CET.

Flavor Version Tinstall Tcheck Ttotal Status Flags
r-devel-linux-x86_64-debian-clang 2.0.1 15.07 182.04 197.11 OK
r-devel-linux-x86_64-debian-gcc 2.0.1 12.38 133.33 145.71 OK
r-devel-linux-x86_64-fedora-clang 2.0.1 234.29 OK
r-devel-linux-x86_64-fedora-gcc 2.0.1 256.27 OK
r-devel-windows-x86_64 2.0.1 14.00 139.00 153.00 OK
r-patched-linux-x86_64 2.0.1 16.09 176.24 192.33 ERROR
r-release-linux-x86_64 2.0.1 17.30 175.53 192.83 OK
r-release-macos-arm64 2.0.1 76.00 OK
r-release-macos-x86_64 2.0.1 218.00 OK
r-release-windows-x86_64 2.0.1 19.00 170.00 189.00 OK
r-oldrel-macos-arm64 2.0.1 73.00 OK
r-oldrel-windows-x86_64 2.0.1 18.00 174.00 192.00 OK

Check Details

Version: 2.0.1
Check: re-building of vignette outputs
Result: ERROR Error(s) in re-building vignettes: ... --- re-building ‘ref-icar-vignette.Rmd’ using rmarkdown Warning in eng_r(options) : Failed to tidy R code in chunk 'unnamed-chunk-1'. Reason: Error : The formatR package is required by the chunk option tidy = TRUE but not installed; tidy = TRUE will be ignored. Warning in eng_r(options) : Failed to tidy R code in chunk 'unnamed-chunk-2'. Reason: Error : The formatR package is required by the chunk option tidy = TRUE but not installed; tidy = TRUE will be ignored. Warning in eng_r(options) : Failed to tidy R code in chunk 'unnamed-chunk-3'. Reason: Error : The formatR package is required by the chunk option tidy = TRUE but not installed; tidy = TRUE will be ignored. Warning in eng_r(options) : Failed to tidy R code in chunk 'unnamed-chunk-4'. Reason: Error : The formatR package is required by the chunk option tidy = TRUE but not installed; tidy = TRUE will be ignored. Warning in eng_r(options) : Failed to tidy R code in chunk 'unnamed-chunk-5'. Reason: Error : The formatR package is required by the chunk option tidy = TRUE but not installed; tidy = TRUE will be ignored. Warning in eng_r(options) : Failed to tidy R code in chunk 'unnamed-chunk-6'. Reason: Error : The formatR package is required by the chunk option tidy = TRUE but not installed; tidy = TRUE will be ignored. Warning in eng_r(options) : Failed to tidy R code in chunk 'unnamed-chunk-7'. Reason: Error : The formatR package is required by the chunk option tidy = TRUE but not installed; tidy = TRUE will be ignored. Warning in eng_r(options) : Failed to tidy R code in chunk 'unnamed-chunk-8'. Reason: Error : The formatR package is required by the chunk option tidy = TRUE but not installed; tidy = TRUE will be ignored. Warning in eng_r(options) : Failed to tidy R code in chunk 'unnamed-chunk-9'. Reason: Error : The formatR package is required by the chunk option tidy = TRUE but not installed; tidy = TRUE will be ignored. Warning in eng_r(options) : Failed to tidy R code in chunk 'unnamed-chunk-10'. Reason: Error : The formatR package is required by the chunk option tidy = TRUE but not installed; tidy = TRUE will be ignored. Warning in eng_r(options) : Failed to tidy R code in chunk 'unnamed-chunk-11'. Reason: Error : The formatR package is required by the chunk option tidy = TRUE but not installed; tidy = TRUE will be ignored. Warning in eng_r(options) : Failed to tidy R code in chunk 'unnamed-chunk-12'. Reason: Error : The formatR package is required by the chunk option tidy = TRUE but not installed; tidy = TRUE will be ignored. Warning in eng_r(options) : Failed to tidy R code in chunk 'unnamed-chunk-13'. Reason: Error : The formatR package is required by the chunk option tidy = TRUE but not installed; tidy = TRUE will be ignored. Warning in eng_r(options) : Failed to tidy R code in chunk 'unnamed-chunk-14'. Reason: Error : The formatR package is required by the chunk option tidy = TRUE but not installed; tidy = TRUE will be ignored. Could not fetch http://www.zotero.org/styles/american-statistical-association HttpExceptionRequest Request { host = "www.zotero.org" port = 80 secure = False requestHeaders = [] path = "/styles/american-statistical-association" queryString = "" method = "GET" proxy = Nothing rawBody = False redirectCount = 10 responseTimeout = ResponseTimeoutDefault requestVersion = HTTP/1.1 proxySecureMode = ProxySecureWithConnect } (InternalException (HandshakeFailed (Error_Protocol "peer does not support Extended Main Secret" HandshakeFailure))) Error: processing vignette 'ref-icar-vignette.Rmd' failed with diagnostics: pandoc document conversion failed with error 61 --- failed re-building ‘ref-icar-vignette.Rmd’ SUMMARY: processing the following file failed: ‘ref-icar-vignette.Rmd’ Error: Vignette re-building failed. Execution halted Flavor: r-patched-linux-x86_64