CRAN Package Check Results for Package redland

Last updated on 2020-07-11 09:49:04 CEST.

Flavor Version Tinstall Tcheck Ttotal Status Flags
r-devel-linux-x86_64-debian-clang 1.0.17-11 12.17 63.60 75.77 OK
r-devel-linux-x86_64-debian-gcc 1.0.17-11 9.74 49.99 59.73 OK
r-devel-linux-x86_64-fedora-gcc 1.0.17-11 92.19 NOTE
r-devel-windows-ix86+x86_64 1.0.17-11 37.00 167.00 204.00 NOTE
r-patched-linux-x86_64 1.0.17-11 12.52 63.39 75.91 OK
r-patched-solaris-x86 1.0.17-11 129.60 OK
r-release-linux-x86_64 1.0.17-11 12.11 63.43 75.54 OK
r-release-osx-x86_64 1.0.17-11 ERROR
r-release-windows-ix86+x86_64 1.0.17-11 31.00 167.00 198.00 NOTE
r-oldrel-osx-x86_64 1.0.17-11 OK
r-oldrel-windows-ix86+x86_64 1.0.17-11 41.00 111.00 152.00 NOTE

Check Details

Version: 1.0.17-11
Check: top-level files
Result: NOTE
    ‘configure’: /bin/bash is not portable
Flavor: r-devel-linux-x86_64-fedora-gcc

Version: 1.0.17-11
Check: installed package size
Result: NOTE
     installed size is 5.9Mb
     sub-directories of 1Mb or more:
     libs 5.0Mb
Flavors: r-devel-windows-ix86+x86_64, r-release-windows-ix86+x86_64, r-oldrel-windows-ix86+x86_64

Version: 1.0.17-11
Check: whether package can be installed
Result: ERROR
    Installation failed.
Flavor: r-release-osx-x86_64