CRAN Package Check Results for Package reddPrec

Last updated on 2022-05-18 09:54:11 CEST.

Flavor Version Tinstall Tcheck Ttotal Status Flags
r-devel-linux-x86_64-debian-clang 0.4.0 10.17 92.39 102.56 NOTE
r-devel-linux-x86_64-debian-gcc 0.4.0 5.64 68.75 74.39 NOTE
r-devel-linux-x86_64-fedora-clang 0.4.0 120.10 NOTE
r-devel-linux-x86_64-fedora-gcc 0.4.0 116.04 NOTE
r-devel-windows-x86_64 0.4.0 22.00 129.00 151.00 OK
r-patched-linux-x86_64 0.4.0 5.30 87.84 93.14 NOTE
r-release-linux-x86_64 0.4.0 9.14 86.32 95.46 NOTE
r-release-macos-arm64 0.4.0 37.00 OK
r-release-macos-x86_64 0.4.0 67.00 OK
r-release-windows-x86_64 0.4.0 16.00 128.00 144.00 OK
r-oldrel-macos-arm64 0.4.0 36.00 OK
r-oldrel-macos-x86_64 0.4.0 49.00 OK
r-oldrel-windows-ix86+x86_64 0.4.0 21.00 124.00 145.00 OK

Check Details

Version: 0.4.0
Check: for non-standard things in the check directory
Result: NOTE
    Found the following files/directories:
     'Filled.RData' 'cleaned.RData' 'days' 'gridded'
Flavors: r-devel-linux-x86_64-debian-clang, r-devel-linux-x86_64-debian-gcc, r-devel-linux-x86_64-fedora-clang, r-devel-linux-x86_64-fedora-gcc, r-patched-linux-x86_64, r-release-linux-x86_64