CRAN Package Check Results for Package redcapAPI

Last updated on 2021-01-26 07:50:25 CET.

Flavor Version Tinstall Tcheck Ttotal Status Flags
r-devel-linux-x86_64-debian-clang 2.3 5.37 36.55 41.92 OK
r-devel-linux-x86_64-debian-gcc 2.3 3.80 27.90 31.70 OK
r-devel-linux-x86_64-fedora-clang 2.3 57.98 NOTE
r-devel-linux-x86_64-fedora-gcc 2.3 47.81 NOTE
r-devel-windows-ix86+x86_64 2.3 10.00 52.00 62.00 OK
r-patched-linux-x86_64 2.3 5.04 34.26 39.30 OK
r-patched-solaris-x86 2.3 63.70 NOTE
r-release-linux-x86_64 2.3 4.87 33.97 38.84 OK
r-release-macos-x86_64 2.3 NOTE
r-release-windows-ix86+x86_64 2.3 10.00 38.00 48.00 OK
r-oldrel-macos-x86_64 2.3 NOTE
r-oldrel-windows-ix86+x86_64 2.3 7.00 46.00 53.00 OK

Check Details

Version: 2.3
Check: dependencies in R code
Result: NOTE
    Namespaces in Imports field not imported from:
     ‘DBI’ ‘readr’
     All declared Imports should be used.
Flavors: r-devel-linux-x86_64-fedora-clang, r-devel-linux-x86_64-fedora-gcc, r-patched-solaris-x86, r-release-macos-x86_64, r-oldrel-macos-x86_64