CRAN Package Check Results for Package recogito

Last updated on 2021-11-28 19:49:02 CET.

Flavor Version Tinstall Tcheck Ttotal Status Flags
r-devel-linux-x86_64-debian-clang 0.1.1 OK
r-devel-linux-x86_64-debian-gcc 0.1.1 2.46 22.67 25.13 OK
r-devel-linux-x86_64-fedora-clang 0.1.1 47.58 NOTE
r-devel-linux-x86_64-fedora-gcc 0.1.1 38.25 OK
r-devel-windows-x86_64-new-UL 0.1.1 9.00 61.00 70.00 OK
r-devel-windows-x86_64-new-TK 0.1.1 OK
r-devel-windows-x86_64-old 0.1.1 5.00 46.00 51.00 OK
r-patched-linux-x86_64 0.1.1 3.23 27.39 30.62 OK
r-patched-solaris-x86 0.1.1 57.30 NOTE
r-release-linux-x86_64 0.1.1 3.17 26.64 29.81 OK
r-release-macos-arm64 0.1.1 OK
r-release-macos-x86_64 0.1.1 OK
r-release-windows-ix86+x86_64 0.1.1 7.00 36.00 43.00 OK
r-oldrel-macos-x86_64 0.1.1 OK
r-oldrel-windows-ix86+x86_64 0.1.1 6.00 43.00 49.00 OK

Check Details

Version: 0.1.1
Check: package dependencies
Result: NOTE
    Package suggested but not available for checking: ‘opencv’
Flavors: r-devel-linux-x86_64-fedora-clang, r-patched-solaris-x86