CRAN Package Check Results for Package recmap

Last updated on 2024-02-21 19:53:25 CET.

Flavor Version Tinstall Tcheck Ttotal Status Flags
r-devel-linux-x86_64-debian-clang 1.0.17 OK
r-devel-linux-x86_64-debian-gcc 1.0.17 21.89 121.85 143.74 OK
r-devel-linux-x86_64-fedora-clang 1.0.17 231.33 NOTE
r-devel-linux-x86_64-fedora-gcc 1.0.17 250.87 NOTE
r-devel-windows-x86_64 1.0.17 23.00 157.00 180.00 OK
r-patched-linux-x86_64 1.0.17 28.56 157.95 186.51 OK
r-release-linux-x86_64 1.0.17 28.67 156.51 185.18 OK
r-release-macos-arm64 1.0.17 70.00 OK
r-release-macos-x86_64 1.0.17 211.00 OK
r-release-windows-x86_64 1.0.17 29.00 192.00 221.00 OK
r-oldrel-macos-arm64 1.0.16 69.00 OK
r-oldrel-windows-x86_64 1.0.16 27.00 194.00 221.00 OK

Check Details

Version: 1.0.17
Check: data for non-ASCII characters
Result: NOTE Note: found 1036 marked UTF-8 strings Flavors: r-devel-linux-x86_64-fedora-clang, r-devel-linux-x86_64-fedora-gcc