CRAN Package Check Results for Package reclin

Last updated on 2019-12-09 08:55:15 CET.

Flavor Version Tinstall Tcheck Ttotal Status Flags
r-devel-linux-x86_64-debian-clang 0.1.1 26.32 54.46 80.78 WARN
r-devel-linux-x86_64-debian-gcc 0.1.1 16.24 41.34 57.58 WARN
r-devel-linux-x86_64-fedora-clang 0.1.1 101.49 WARN
r-devel-linux-x86_64-fedora-gcc 0.1.1 91.40 WARN
r-devel-windows-ix86+x86_64 0.1.1 56.00 151.00 207.00 OK
r-devel-windows-ix86+x86_64-gcc8 0.1.1 52.00 159.00 211.00 OK
r-patched-linux-x86_64 0.1.1 16.85 47.79 64.64 OK
r-patched-solaris-x86 0.1.1 109.60 OK
r-release-linux-x86_64 0.1.1 18.80 47.60 66.40 OK
r-release-windows-ix86+x86_64 0.1.1 58.00 110.00 168.00 OK
r-release-osx-x86_64 0.1.1 OK
r-oldrel-windows-ix86+x86_64 0.1.1 45.00 102.00 147.00 OK
r-oldrel-osx-x86_64 0.1.1 OK

Check Details

Version: 0.1.1
Check: re-building of vignette outputs
Result: WARN
    Error(s) in re-building vignettes:
     ...
    --- re-building 'deduplication.Rmd' using rmarkdown
    Loading required package: lvec
    
    Attaching package: 'lvec'
    
    The following object is masked from 'package:base':
    
     order
    
    Loading required package: ldat
    Loading required package: Rcpp
    
    Attaching package: 'ldat'
    
    The following objects are masked from 'package:base':
    
     append, match, table, which
    
    
    Attaching package: 'reclin'
    
    The following object is masked from 'package:base':
    
     identical
    
    
    Attaching package: 'dplyr'
    
    The following objects are masked from 'package:stats':
    
     filter, lag
    
    The following objects are masked from 'package:base':
    
     intersect, setdiff, setequal, union
    
    Quitting from lines 54-60 (deduplication.Rmd)
    Error: processing vignette 'deduplication.Rmd' failed with diagnostics:
    Invalid indices.
    --- failed re-building 'deduplication.Rmd'
    
    --- re-building 'introduction_to_reclin.Rmd' using rmarkdown
    Loading required package: lvec
    
    Attaching package: 'lvec'
    
    The following object is masked from 'package:base':
    
     order
    
    Loading required package: ldat
    Loading required package: Rcpp
    
    Attaching package: 'ldat'
    
    The following objects are masked from 'package:base':
    
     append, match, table, which
    
    
    Attaching package: 'reclin'
    
    The following object is masked from 'package:base':
    
     identical
    
    
    Attaching package: 'dplyr'
    
    The following objects are masked from 'package:stats':
    
     filter, lag
    
    The following objects are masked from 'package:base':
    
     intersect, setdiff, setequal, union
    
    --- finished re-building 'introduction_to_reclin.Rmd'
    
    SUMMARY: processing the following file failed:
     'deduplication.Rmd'
    
    Error: Vignette re-building failed.
    Execution halted
Flavors: r-devel-linux-x86_64-debian-clang, r-devel-linux-x86_64-debian-gcc

Version: 0.1.1
Check: re-building of vignette outputs
Result: WARN
    Error(s) in re-building vignettes:
    --- re-building ‘deduplication.Rmd’ using rmarkdown
    Loading required package: lvec
    
    Attaching package: 'lvec'
    
    The following object is masked from 'package:base':
    
     order
    
    Loading required package: ldat
    Loading required package: Rcpp
    
    Attaching package: 'ldat'
    
    The following objects are masked from 'package:base':
    
     append, match, table, which
    
    
    Attaching package: 'reclin'
    
    The following object is masked from 'package:base':
    
     identical
    
    
    Attaching package: 'dplyr'
    
    The following objects are masked from 'package:stats':
    
     filter, lag
    
    The following objects are masked from 'package:base':
    
     intersect, setdiff, setequal, union
    
    Quitting from lines 54-60 (deduplication.Rmd)
    Error: processing vignette 'deduplication.Rmd' failed with diagnostics:
    Invalid indices.
    --- failed re-building ‘deduplication.Rmd’
    
    --- re-building ‘introduction_to_reclin.Rmd’ using rmarkdown
    Loading required package: lvec
    
    Attaching package: 'lvec'
    
    The following object is masked from 'package:base':
    
     order
    
    Loading required package: ldat
    Loading required package: Rcpp
    
    Attaching package: 'ldat'
    
    The following objects are masked from 'package:base':
    
     append, match, table, which
    
    
    Attaching package: 'reclin'
    
    The following object is masked from 'package:base':
    
     identical
    
    
    Attaching package: 'dplyr'
    
    The following objects are masked from 'package:stats':
    
     filter, lag
    
    The following objects are masked from 'package:base':
    
     intersect, setdiff, setequal, union
    
    --- finished re-building ‘introduction_to_reclin.Rmd’
    
    SUMMARY: processing the following file failed:
     ‘deduplication.Rmd’
    
    Error: Vignette re-building failed.
    Execution halted
Flavors: r-devel-linux-x86_64-fedora-clang, r-devel-linux-x86_64-fedora-gcc