CRAN Package Check Results for Package recipes

Last updated on 2022-01-22 07:52:54 CET.

Flavor Version Tinstall Tcheck Ttotal Status Flags
r-devel-linux-x86_64-debian-clang 0.1.17 23.07 321.27 344.34 OK
r-devel-linux-x86_64-debian-gcc 0.1.17 19.22 242.92 262.14 OK
r-devel-linux-x86_64-fedora-clang 0.1.17 401.09 NOTE
r-devel-linux-x86_64-fedora-gcc 0.1.17 393.80 OK
r-devel-windows-x86_64-new-UL 0.1.17 245.00 415.00 660.00 OK
r-devel-windows-x86_64-new-TK 0.1.17 OK
r-patched-linux-x86_64 0.1.17 30.14 326.86 357.00 OK
r-release-linux-x86_64 0.1.17 22.20 317.08 339.28 OK
r-release-macos-arm64 0.1.17 OK
r-release-macos-x86_64 0.1.17 OK
r-release-windows-ix86+x86_64 0.1.17 44.00 392.00 436.00 OK
r-oldrel-macos-x86_64 0.1.17 OK
r-oldrel-windows-ix86+x86_64 0.1.17 45.00 418.00 463.00 OK

Check Details

Version: 0.1.17
Check: Rd cross-references
Result: NOTE
    Undeclared package ‘hardhat’ in Rd xrefs
Flavor: r-devel-linux-x86_64-fedora-clang