CRAN Package Check Results for Package rechonest

Last updated on 2024-03-04 07:48:38 CET.

Flavor Version Tinstall Tcheck Ttotal Status Flags
r-devel-linux-x86_64-debian-clang 1.2 2.94 36.42 39.36 NOTE
r-devel-linux-x86_64-debian-gcc 1.2 3.49 27.77 31.26 NOTE
r-devel-linux-x86_64-fedora-clang 1.2 49.14 NOTE
r-devel-linux-x86_64-fedora-gcc 1.2 49.65 NOTE
r-devel-windows-x86_64 1.2 5.00 52.00 57.00 NOTE
r-patched-linux-x86_64 1.2 5.07 35.26 40.33 NOTE
r-release-linux-x86_64 1.2 3.27 35.03 38.30 NOTE
r-release-macos-arm64 1.2 20.00 NOTE
r-release-macos-x86_64 1.2 24.00 NOTE
r-release-windows-x86_64 1.2 6.00 54.00 60.00 NOTE
r-oldrel-macos-arm64 1.2 21.00 NOTE
r-oldrel-windows-x86_64 1.2 6.00 55.00 61.00 NOTE

Check Details

Version: 1.2
Check: LazyData
Result: NOTE 'LazyData' is specified without a 'data' directory Flavors: r-devel-linux-x86_64-debian-clang, r-devel-linux-x86_64-debian-gcc, r-devel-linux-x86_64-fedora-clang, r-devel-linux-x86_64-fedora-gcc, r-devel-windows-x86_64, r-patched-linux-x86_64, r-release-linux-x86_64, r-release-macos-arm64, r-release-macos-x86_64, r-release-windows-x86_64, r-oldrel-macos-arm64, r-oldrel-windows-x86_64