CRAN Package Check Results for Package rechonest

Last updated on 2022-10-05 10:51:50 CEST.

Flavor Version Tinstall Tcheck Ttotal Status Flags
r-devel-linux-x86_64-debian-clang 1.2 2.69 36.52 39.21 NOTE
r-devel-linux-x86_64-debian-gcc 1.2 3.39 28.32 31.71 NOTE
r-devel-linux-x86_64-fedora-clang 1.2 61.87 NOTE
r-devel-linux-x86_64-fedora-gcc 1.2 61.47 NOTE
r-devel-windows-x86_64 1.2 24.00 69.00 93.00 NOTE
r-patched-linux-x86_64 1.2 3.36 34.97 38.33 NOTE
r-release-linux-x86_64 1.2 3.37 34.90 38.27 NOTE
r-release-macos-arm64 1.2 21.00 NOTE
r-release-macos-x86_64 1.2 27.00 NOTE
r-release-windows-x86_64 1.2 19.00 64.00 83.00 NOTE
r-oldrel-macos-arm64 1.2 24.00 NOTE
r-oldrel-macos-x86_64 1.2 30.00 NOTE
r-oldrel-windows-ix86+x86_64 1.2 8.00 57.00 65.00 NOTE

Check Details

Version: 1.2
Check: LazyData
Result: NOTE
     'LazyData' is specified without a 'data' directory
Flavors: r-devel-linux-x86_64-debian-clang, r-devel-linux-x86_64-debian-gcc, r-devel-linux-x86_64-fedora-clang, r-devel-linux-x86_64-fedora-gcc, r-devel-windows-x86_64, r-patched-linux-x86_64, r-release-linux-x86_64, r-release-macos-arm64, r-release-macos-x86_64, r-release-windows-x86_64, r-oldrel-macos-arm64, r-oldrel-macos-x86_64, r-oldrel-windows-ix86+x86_64