CRAN Package Check Results for Package receptiviti

Last updated on 2024-06-24 21:56:54 CEST.

Flavor Version Tinstall Tcheck Ttotal Status Flags
r-devel-linux-x86_64-debian-clang 0.1.8 3.71 33.81 37.52 OK
r-devel-linux-x86_64-debian-gcc 0.1.8 2.71 26.30 29.01 OK
r-devel-linux-x86_64-fedora-clang 0.1.8 47.26 OK
r-devel-linux-x86_64-fedora-gcc 0.1.8 44.48 OK
r-devel-windows-x86_64 0.1.8 4.00 47.00 51.00 OK
r-patched-linux-x86_64 0.1.8 3.07 32.83 35.90 OK
r-release-linux-x86_64 0.1.8 3.28 32.75 36.03 OK
r-release-macos-arm64 0.1.8 21.00 OK
r-release-macos-x86_64 0.1.8 33.00 NOTE
r-release-windows-x86_64 0.1.8 4.00 49.00 53.00 OK
r-oldrel-macos-arm64 0.1.8 26.00 OK
r-oldrel-macos-x86_64 0.1.8 49.00 OK
r-oldrel-windows-x86_64 0.1.8 4.00 50.00 54.00 OK

Check Details

Version: 0.1.8
Check: package dependencies
Result: NOTE Package suggested but not available for checking: ‘arrow’ Flavor: r-release-macos-x86_64

Version: 0.1.8
Check: Rd cross-references
Result: NOTE Package unavailable to check Rd xrefs: ‘arrow’ Flavor: r-release-macos-x86_64