CRAN Package Check Results for Package readxl

Last updated on 2021-10-23 20:52:32 CEST.

Flavor Version Tinstall Tcheck Ttotal Status Flags
r-devel-linux-x86_64-debian-clang 1.3.1 61.00 42.69 103.69 NOTE
r-devel-linux-x86_64-debian-gcc 1.3.1 47.03 32.65 79.68 NOTE
r-devel-linux-x86_64-fedora-clang 1.3.1 164.95 NOTE
r-devel-linux-x86_64-fedora-gcc 1.3.1 140.89 NOTE
r-devel-windows-x86_64 1.3.1 81.00 67.00 148.00 NOTE
r-devel-windows-x86_64-gcc10-UCRT 1.3.1 NOTE
r-patched-linux-x86_64 1.3.1 59.80 42.64 102.44 NOTE
r-patched-solaris-x86 1.3.1 156.50 NOTE
r-release-linux-x86_64 1.3.1 51.63 42.64 94.27 NOTE
r-release-macos-arm64 1.3.1 NOTE
r-release-macos-x86_64 1.3.1 NOTE
r-release-windows-ix86+x86_64 1.3.1 120.00 142.00 262.00 NOTE
r-oldrel-macos-x86_64 1.3.1 OK
r-oldrel-windows-ix86+x86_64 1.3.1 158.00 114.00 272.00 OK

Check Details

Version: 1.3.1
Check: LazyData
Result: NOTE
     'LazyData' is specified without a 'data' directory
Flavors: r-devel-linux-x86_64-debian-clang, r-devel-linux-x86_64-debian-gcc, r-devel-linux-x86_64-fedora-clang, r-devel-linux-x86_64-fedora-gcc, r-devel-windows-x86_64, r-devel-windows-x86_64-gcc10-UCRT, r-patched-linux-x86_64, r-patched-solaris-x86, r-release-linux-x86_64, r-release-macos-arm64, r-release-macos-x86_64, r-release-windows-ix86+x86_64

Version: 1.3.1
Check: installed package size
Result: NOTE
     installed size is 5.3Mb
     sub-directories of 1Mb or more:
     libs 4.0Mb
Flavor: r-release-macos-arm64