CRAN Package Check Results for Package readtextgrid

Last updated on 2024-03-02 19:50:27 CET.

Flavor Version Tinstall Tcheck Ttotal Status Flags
r-devel-linux-x86_64-debian-clang 0.1.1 2.25 26.78 29.03 NOTE
r-devel-linux-x86_64-debian-gcc 0.1.1 1.66 20.47 22.13 NOTE
r-devel-linux-x86_64-fedora-clang 0.1.1 36.08 NOTE
r-devel-linux-x86_64-fedora-gcc 0.1.1 35.50 NOTE
r-devel-windows-x86_64 0.1.1 3.00 41.00 44.00 NOTE
r-patched-linux-x86_64 0.1.1 2.09 25.43 27.52 NOTE
r-release-linux-x86_64 0.1.1 1.34 25.51 26.85 NOTE
r-release-macos-arm64 0.1.1 16.00 NOTE
r-release-macos-x86_64 0.1.1 24.00 NOTE
r-release-windows-x86_64 0.1.1 4.00 41.00 45.00 NOTE
r-oldrel-macos-arm64 0.1.1 17.00 NOTE
r-oldrel-windows-x86_64 0.1.1 4.00 48.00 52.00 NOTE

Check Details

Version: 0.1.1
Check: LazyData
Result: NOTE 'LazyData' is specified without a 'data' directory Flavors: r-devel-linux-x86_64-debian-clang, r-devel-linux-x86_64-debian-gcc, r-devel-linux-x86_64-fedora-clang, r-devel-linux-x86_64-fedora-gcc, r-devel-windows-x86_64, r-patched-linux-x86_64, r-release-linux-x86_64, r-release-macos-arm64, r-release-macos-x86_64, r-release-windows-x86_64, r-oldrel-macos-arm64, r-oldrel-windows-x86_64