CRAN Package Check Results for Package readsdr

Last updated on 2023-02-03 19:52:16 CET.

Flavor Version Tinstall Tcheck Ttotal Status Flags
r-devel-linux-x86_64-debian-clang 0.2.0 3.71 48.53 52.24 NOTE
r-devel-linux-x86_64-debian-gcc 0.2.0 3.31 36.42 39.73 NOTE
r-devel-linux-x86_64-fedora-clang 0.2.0 66.16 NOTE
r-devel-linux-x86_64-fedora-gcc 0.2.0 75.56 NOTE
r-devel-windows-x86_64 0.2.0 32.00 128.00 160.00 NOTE
r-patched-linux-x86_64 0.2.0 3.92 43.81 47.73 NOTE
r-release-linux-x86_64 0.2.0 3.00 45.94 48.94 NOTE
r-release-macos-arm64 0.2.0 23.00 NOTE
r-release-macos-x86_64 0.2.0 40.00 NOTE
r-release-windows-x86_64 0.2.0 8.00 94.00 102.00 NOTE
r-oldrel-macos-arm64 0.2.0 33.00 NOTE
r-oldrel-macos-x86_64 0.2.0 37.00 NOTE
r-oldrel-windows-ix86+x86_64 0.2.0 9.00 73.00 82.00 NOTE

Check Details

Version: 0.2.0
Check: package subdirectories
Result: NOTE
    Problems with news in ‘NEWS.md’:
    No news entries found.
Flavors: r-devel-linux-x86_64-debian-clang, r-devel-linux-x86_64-debian-gcc, r-devel-linux-x86_64-fedora-clang, r-devel-linux-x86_64-fedora-gcc, r-devel-windows-x86_64

Version: 0.2.0
Check: LazyData
Result: NOTE
     'LazyData' is specified without a 'data' directory
Flavors: r-devel-linux-x86_64-debian-clang, r-devel-linux-x86_64-debian-gcc, r-devel-linux-x86_64-fedora-clang, r-devel-linux-x86_64-fedora-gcc, r-devel-windows-x86_64, r-patched-linux-x86_64, r-release-linux-x86_64, r-release-macos-arm64, r-release-macos-x86_64, r-release-windows-x86_64, r-oldrel-macos-arm64, r-oldrel-macos-x86_64, r-oldrel-windows-ix86+x86_64