CRAN Package Check Results for Package readmnist

Last updated on 2021-12-01 19:51:46 CET.

Flavor Version Tinstall Tcheck Ttotal Status Flags
r-devel-linux-x86_64-debian-clang 1.0.6 1.76 18.42 20.18 NOTE
r-devel-linux-x86_64-debian-gcc 1.0.6 1.36 15.01 16.37 NOTE
r-devel-linux-x86_64-fedora-clang 1.0.6 36.14 NOTE
r-devel-linux-x86_64-fedora-gcc 1.0.6 25.57 NOTE
r-devel-windows-x86_64-new-UL 1.0.6 5.00 45.00 50.00 NOTE
r-devel-windows-x86_64-new-TK 1.0.6 NOTE
r-devel-windows-x86_64-old 1.0.6 4.00 26.00 30.00 NOTE
r-patched-linux-x86_64 1.0.6 1.89 17.77 19.66 NOTE
r-patched-solaris-x86 1.0.6 40.70 NOTE
r-release-linux-x86_64 1.0.6 1.69 17.93 19.62 NOTE
r-release-macos-arm64 1.0.6 NOTE
r-release-macos-x86_64 1.0.6 NOTE
r-release-windows-ix86+x86_64 1.0.6 8.00 26.00 34.00 NOTE
r-oldrel-macos-x86_64 1.0.6 OK
r-oldrel-windows-ix86+x86_64 1.0.6 4.00 23.00 27.00 OK

Check Details

Version: 1.0.6
Check: LazyData
Result: NOTE
     'LazyData' is specified without a 'data' directory
Flavors: r-devel-linux-x86_64-debian-clang, r-devel-linux-x86_64-debian-gcc, r-devel-linux-x86_64-fedora-clang, r-devel-linux-x86_64-fedora-gcc, r-devel-windows-x86_64-new-UL, r-devel-windows-x86_64-new-TK, r-devel-windows-x86_64-old, r-patched-linux-x86_64, r-patched-solaris-x86, r-release-linux-x86_64, r-release-macos-arm64, r-release-macos-x86_64, r-release-windows-ix86+x86_64