Last updated on 2023-09-21 20:54:54 CEST.
Flavor | Version | Tinstall | Tcheck | Ttotal | Status | Flags |
---|---|---|---|---|---|---|
r-devel-linux-x86_64-debian-clang | 2.1.0 | 25.98 | 51.63 | 77.61 | OK | |
r-devel-linux-x86_64-debian-gcc | 2.1.0 | 19.77 | 38.12 | 57.89 | OK | |
r-devel-linux-x86_64-fedora-clang | 2.1.0 | 120.66 | NOTE | |||
r-devel-linux-x86_64-fedora-gcc | 2.1.0 | 121.05 | OK | |||
r-devel-windows-x86_64 | 2.1.0 | 25.00 | 79.00 | 104.00 | OK | |
r-patched-linux-x86_64 | 2.1.0 | 34.81 | 49.89 | 84.70 | OK | |
r-release-linux-x86_64 | 2.1.0 | 27.08 | 49.64 | 76.72 | OK | |
r-release-macos-arm64 | 2.1.0 | 49.00 | OK | |||
r-release-macos-x86_64 | 2.1.0 | 65.00 | OK | |||
r-release-windows-x86_64 | 2.1.0 | 34.00 | 90.00 | 124.00 | OK | |
r-oldrel-macos-arm64 | 2.1.0 | 45.00 | OK | |||
r-oldrel-macos-x86_64 | 2.1.0 | 54.00 | OK | |||
r-oldrel-windows-x86_64 | 2.1.0 | 31.00 | 95.00 | 126.00 | OK |
Version: 2.1.0
Check: Rd cross-references
Result: NOTE
Undeclared packages ‘writexl’, ‘openxlsx’ in Rd xrefs
Flavor: r-devel-linux-x86_64-fedora-clang