CRAN Package Check Results for Package rdrop2

Last updated on 2019-08-23 10:48:22 CEST.

Flavor Version Tinstall Tcheck Ttotal Status Flags
r-devel-linux-x86_64-debian-clang 0.8.1 2.70 21.71 24.41 OK
r-devel-linux-x86_64-debian-gcc 0.8.1 2.08 17.69 19.77 OK
r-devel-linux-x86_64-fedora-clang 0.8.1 29.38 NOTE
r-devel-linux-x86_64-fedora-gcc 0.8.1 29.28 NOTE
r-devel-windows-ix86+x86_64 0.8.1 7.00 84.00 91.00 OK
r-patched-linux-x86_64 0.8.1 2.38 21.73 24.11 OK
r-patched-solaris-x86 0.8.1 45.90 NOTE
r-release-linux-x86_64 0.8.1 2.41 21.68 24.09 OK
r-release-windows-ix86+x86_64 0.8.1 14.00 56.00 70.00 OK
r-release-osx-x86_64 0.8.1 NOTE
r-oldrel-windows-ix86+x86_64 0.8.1 8.00 51.00 59.00 OK
r-oldrel-osx-x86_64 0.8.1 NOTE

Check Details

Version: 0.8.1
Check: dependencies in R code
Result: NOTE
    Namespace in Imports field not imported from: ‘digest’
     All declared Imports should be used.
Flavors: r-devel-linux-x86_64-fedora-clang, r-devel-linux-x86_64-fedora-gcc, r-patched-solaris-x86, r-release-osx-x86_64, r-oldrel-osx-x86_64