CRAN Package Check Results for Package rdist

Last updated on 2021-10-24 20:51:14 CEST.

Flavor Version Tinstall Tcheck Ttotal Status Flags
r-devel-linux-x86_64-debian-clang 0.0.5 133.74 30.56 164.30 NOTE
r-devel-linux-x86_64-debian-gcc 0.0.5 101.59 23.43 125.02 NOTE
r-devel-linux-x86_64-fedora-clang 0.0.5 285.41 NOTE
r-devel-linux-x86_64-fedora-gcc 0.0.5 236.86 NOTE
r-devel-windows-x86_64 0.0.5 183.00 45.00 228.00 NOTE
r-devel-windows-x86_64-gcc10-UCRT 0.0.5 NOTE
r-patched-linux-x86_64 0.0.5 119.57 29.01 148.58 NOTE
r-patched-solaris-x86 0.0.5 199.40 NOTE
r-release-linux-x86_64 0.0.5 122.09 29.20 151.29 NOTE
r-release-macos-arm64 0.0.5 NOTE
r-release-macos-x86_64 0.0.5 NOTE
r-release-windows-ix86+x86_64 0.0.5 280.00 78.00 358.00 NOTE
r-oldrel-macos-x86_64 0.0.5 OK
r-oldrel-windows-ix86+x86_64 0.0.5 361.00 81.00 442.00 OK

Check Details

Version: 0.0.5
Check: LazyData
Result: NOTE
     'LazyData' is specified without a 'data' directory
Flavors: r-devel-linux-x86_64-debian-clang, r-devel-linux-x86_64-debian-gcc, r-devel-linux-x86_64-fedora-clang, r-devel-linux-x86_64-fedora-gcc, r-devel-windows-x86_64, r-devel-windows-x86_64-gcc10-UCRT, r-patched-linux-x86_64, r-patched-solaris-x86, r-release-linux-x86_64, r-release-macos-arm64, r-release-macos-x86_64, r-release-windows-ix86+x86_64