CRAN Package Check Results for Package rcompendium

Last updated on 2021-09-20 20:49:02 CEST.

Flavor Version Tinstall Tcheck Ttotal Status Flags
r-devel-linux-x86_64-debian-clang 0.5.1 5.73 48.25 53.98 NOTE
r-devel-linux-x86_64-debian-gcc 0.5.1 5.10 36.88 41.98 NOTE
r-devel-linux-x86_64-fedora-clang 0.5.1 73.28 NOTE
r-devel-linux-x86_64-fedora-gcc 0.5.1 62.36 NOTE
r-devel-windows-x86_64 0.5.1 7.00 55.00 62.00 NOTE
r-devel-windows-x86_64-gcc10-UCRT 0.5.1 ERROR
r-patched-linux-x86_64 0.5.1 6.88 46.43 53.31 NOTE
r-patched-solaris-x86 0.5.1 88.20 NOTE
r-release-linux-x86_64 0.5.1 6.17 46.12 52.29 NOTE
r-release-macos-arm64 0.5.1 NOTE
r-release-macos-x86_64 0.5.1 NOTE
r-release-windows-ix86+x86_64 0.5.1 12.00 55.00 67.00 NOTE
r-oldrel-macos-x86_64 0.5.1 OK
r-oldrel-windows-ix86+x86_64 0.5.1 13.00 53.00 66.00 OK

Check Details

Version: 0.5.1
Check: LazyData
Result: NOTE
     'LazyData' is specified without a 'data' directory
Flavors: r-devel-linux-x86_64-debian-clang, r-devel-linux-x86_64-debian-gcc, r-devel-linux-x86_64-fedora-clang, r-devel-linux-x86_64-fedora-gcc, r-devel-windows-x86_64, r-devel-windows-x86_64-gcc10-UCRT, r-patched-linux-x86_64, r-patched-solaris-x86, r-release-linux-x86_64, r-release-macos-arm64, r-release-macos-x86_64, r-release-windows-ix86+x86_64

Version: 0.5.1
Check: whether package can be installed
Result: WARN
    Found the following significant warnings:
     WARNING: installation-time patches will not be applied, could not get the patches index
Flavor: r-devel-windows-x86_64-gcc10-UCRT

Version: 0.5.1
Check: PDF version of manual
Result: WARN
    LaTeX errors when creating PDF version.
    This typically indicates Rd problems.
Flavor: r-devel-windows-x86_64-gcc10-UCRT

Version: 0.5.1
Check: PDF version of manual without hyperrefs or index
Result: ERROR
    Re-running with no redirection of stdout/stderr.
Flavor: r-devel-windows-x86_64-gcc10-UCRT