CRAN Package Check Results for Package rclipboard

Last updated on 2022-01-26 19:50:43 CET.

Flavor Version Tinstall Tcheck Ttotal Status Flags
r-devel-linux-x86_64-debian-clang 0.1.4 3.30 39.50 42.80 OK
r-devel-linux-x86_64-debian-gcc 0.1.4 2.15 31.50 33.65 OK
r-devel-linux-x86_64-fedora-clang 0.1.4 52.42 OK
r-devel-linux-x86_64-fedora-gcc 0.1.4 42.04 OK
r-devel-windows-x86_64-new-UL 0.1.4 19.00 58.00 77.00 OK
r-devel-windows-x86_64-new-TK 0.1.4 OK
r-patched-linux-x86_64 0.1.4 2.76 38.10 40.86 OK
r-release-linux-x86_64 0.1.4 3.00 37.67 40.67 OK
r-release-macos-arm64 0.1.3 NOTE
r-release-macos-x86_64 0.1.4 OK
r-release-windows-ix86+x86_64 0.1.4 11.00 57.00 68.00 OK
r-oldrel-macos-x86_64 0.1.4 OK
r-oldrel-windows-ix86+x86_64 0.1.4 9.00 54.00 63.00 OK

Check Details

Version: 0.1.3
Check: LazyData
Result: NOTE
     'LazyData' is specified without a 'data' directory
Flavor: r-release-macos-arm64