CRAN Package Check Results for Package rccmisc

Last updated on 2019-12-09 08:55:14 CET.

Flavor Version Tinstall Tcheck Ttotal Status Flags
r-devel-linux-x86_64-debian-clang 0.3.7 2.41 24.43 26.84 OK
r-devel-linux-x86_64-debian-gcc 0.3.7 2.04 20.19 22.23 OK
r-devel-linux-x86_64-fedora-clang 0.3.7 34.10 NOTE
r-devel-linux-x86_64-fedora-gcc 0.3.7 32.06 NOTE
r-devel-windows-ix86+x86_64 0.3.7 7.00 53.00 60.00 OK
r-devel-windows-ix86+x86_64-gcc8 0.3.7 6.00 55.00 61.00 OK
r-patched-linux-x86_64 0.3.7 2.01 22.85 24.86 OK
r-patched-solaris-x86 0.3.7 47.10 NOTE
r-release-linux-x86_64 0.3.7 1.57 22.76 24.33 OK
r-release-windows-ix86+x86_64 0.3.7 6.00 39.00 45.00 OK
r-release-osx-x86_64 0.3.7 NOTE
r-oldrel-windows-ix86+x86_64 0.3.7 3.00 39.00 42.00 OK
r-oldrel-osx-x86_64 0.3.7 NOTE

Check Details

Version: 0.3.7
Check: dependencies in R code
Result: NOTE
    Namespace in Imports field not imported from: ‘dplyr’
     All declared Imports should be used.
Flavors: r-devel-linux-x86_64-fedora-clang, r-devel-linux-x86_64-fedora-gcc, r-patched-solaris-x86, r-release-osx-x86_64, r-oldrel-osx-x86_64