CRAN Package Check Results for Package rccmisc

Last updated on 2019-08-21 10:47:36 CEST.

Flavor Version Tinstall Tcheck Ttotal Status Flags
r-devel-linux-x86_64-debian-clang 0.3.7 2.33 22.93 25.26 OK
r-devel-linux-x86_64-debian-gcc 0.3.7 1.97 18.52 20.49 OK
r-devel-linux-x86_64-fedora-clang 0.3.7 30.27 NOTE
r-devel-linux-x86_64-fedora-gcc 0.3.7 30.58 NOTE
r-devel-windows-ix86+x86_64 0.3.7 8.00 42.00 50.00 OK
r-patched-linux-x86_64 0.3.7 2.08 22.31 24.39 OK
r-patched-solaris-x86 0.3.7 52.70 NOTE
r-release-linux-x86_64 0.3.7 2.11 22.67 24.78 OK
r-release-windows-ix86+x86_64 0.3.7 7.00 33.00 40.00 OK
r-release-osx-x86_64 0.3.7 NOTE
r-oldrel-windows-ix86+x86_64 0.3.7 6.00 47.00 53.00 OK
r-oldrel-osx-x86_64 0.3.7 NOTE

Check Details

Version: 0.3.7
Check: dependencies in R code
Result: NOTE
    Namespace in Imports field not imported from: ‘dplyr’
     All declared Imports should be used.
Flavors: r-devel-linux-x86_64-fedora-clang, r-devel-linux-x86_64-fedora-gcc, r-patched-solaris-x86, r-release-osx-x86_64, r-oldrel-osx-x86_64