CRAN Package Check Results for Package rbtc

Last updated on 2024-02-26 19:50:19 CET.

Flavor Version Tinstall Tcheck Ttotal Status Flags
r-devel-linux-x86_64-debian-clang 0.1-6 6.39 44.87 51.26 NOTE
r-devel-linux-x86_64-debian-gcc 0.1-6 4.63 34.70 39.33 NOTE
r-devel-linux-x86_64-fedora-clang 0.1-6 63.70 NOTE
r-devel-linux-x86_64-fedora-gcc 0.1-6 63.13 NOTE
r-devel-windows-x86_64 0.1-6 7.00 69.00 76.00 NOTE
r-patched-linux-x86_64 0.1-6 9.69 44.92 54.61 NOTE
r-release-linux-x86_64 0.1-6 5.85 44.85 50.70 NOTE
r-release-macos-arm64 0.1-6 24.00 NOTE
r-release-macos-x86_64 0.1-6 35.00 NOTE
r-release-windows-x86_64 0.1-6 9.00 75.00 84.00 NOTE
r-oldrel-macos-arm64 0.1-6 21.00 NOTE
r-oldrel-windows-x86_64 0.1-6 10.00 62.00 72.00 NOTE

Check Details

Version: 0.1-6
Check: Rd files
Result: NOTE checkRd: (-1) ecoperators-methods.Rd:50: Lost braces in \itemize; meant \describe ? checkRd: (-1) ecoperators-methods.Rd:51: Lost braces in \itemize; meant \describe ? checkRd: (-1) ecoperators-methods.Rd:52: Lost braces in \itemize; meant \describe ? checkRd: (-1) ecoperators-methods.Rd:53: Lost braces in \itemize; meant \describe ? checkRd: (-1) ecoperators-methods.Rd:54: Lost braces in \itemize; meant \describe ? Flavors: r-devel-linux-x86_64-debian-clang, r-devel-linux-x86_64-debian-gcc, r-devel-linux-x86_64-fedora-clang

Version: 0.1-6
Check: LazyData
Result: NOTE 'LazyData' is specified without a 'data' directory Flavors: r-devel-linux-x86_64-debian-clang, r-devel-linux-x86_64-debian-gcc, r-devel-linux-x86_64-fedora-clang, r-devel-linux-x86_64-fedora-gcc, r-devel-windows-x86_64, r-patched-linux-x86_64, r-release-linux-x86_64, r-release-macos-arm64, r-release-macos-x86_64, r-release-windows-x86_64, r-oldrel-macos-arm64, r-oldrel-windows-x86_64