CRAN Package Check Results for Package rbokeh

Last updated on 2020-05-29 10:47:31 CEST.

Flavor Version Tinstall Tcheck Ttotal Status Flags
r-devel-linux-x86_64-debian-clang 0.5.1 11.76 106.70 118.46 OK
r-devel-linux-x86_64-debian-gcc 0.5.1 10.13 80.65 90.78 OK
r-devel-linux-x86_64-fedora-clang 0.5.1 158.13 NOTE
r-devel-linux-x86_64-fedora-gcc 0.5.1 139.04 NOTE
r-devel-windows-ix86+x86_64 0.5.1 37.00 166.00 203.00 OK
r-patched-linux-x86_64 0.5.1 13.29 104.67 117.96 OK
r-patched-solaris-x86 0.5.1 179.70 NOTE
r-release-linux-x86_64 0.5.1 12.69 104.40 117.09 OK
r-release-osx-x86_64 0.5.0 NOTE
r-release-windows-ix86+x86_64 0.5.0 24.00 240.00 264.00 OK
r-oldrel-osx-x86_64 0.5.1 NOTE
r-oldrel-windows-ix86+x86_64 0.5.1 30.00 156.00 186.00 OK

Check Details

Version: 0.5.1
Check: dependencies in R code
Result: NOTE
    Namespace in Imports field not imported from: ‘ggplot2’
     All declared Imports should be used.
Flavors: r-devel-linux-x86_64-fedora-clang, r-devel-linux-x86_64-fedora-gcc, r-patched-solaris-x86, r-oldrel-osx-x86_64

Version: 0.5.0
Check: dependencies in R code
Result: NOTE
    Namespace in Imports field not imported from: ‘ggplot2’
     All declared Imports should be used.
Flavor: r-release-osx-x86_64