CRAN Package Check Results for Package rbokeh

Last updated on 2019-11-13 09:47:26 CET.

Flavor Version Tinstall Tcheck Ttotal Status Flags
r-devel-linux-x86_64-debian-clang 0.5.0 11.26 99.43 110.69 OK
r-devel-linux-x86_64-debian-gcc 0.5.0 11.56 76.04 87.60 OK
r-devel-linux-x86_64-fedora-clang 0.5.0 138.33 NOTE
r-devel-linux-x86_64-fedora-gcc 0.5.0 137.87 NOTE
r-devel-windows-ix86+x86_64 0.5.0 36.00 125.00 161.00 OK
r-patched-linux-x86_64 0.5.0 11.75 94.51 106.26 OK
r-patched-solaris-x86 0.5.0 176.00 NOTE
r-release-linux-x86_64 0.5.0 11.67 96.26 107.93 OK
r-release-windows-ix86+x86_64 0.5.0 30.00 153.00 183.00 OK
r-release-osx-x86_64 0.5.0 NOTE
r-oldrel-windows-ix86+x86_64 0.5.0 18.00 195.00 213.00 OK
r-oldrel-osx-x86_64 0.5.0 NOTE

Check Details

Version: 0.5.0
Check: dependencies in R code
Result: NOTE
    Namespace in Imports field not imported from: ‘ggplot2’
     All declared Imports should be used.
Flavors: r-devel-linux-x86_64-fedora-clang, r-devel-linux-x86_64-fedora-gcc, r-patched-solaris-x86, r-release-osx-x86_64, r-oldrel-osx-x86_64