CRAN Package Check Results for Package rbmn

Last updated on 2020-07-14 09:50:45 CEST.

Flavor Version Tinstall Tcheck Ttotal Status Flags
r-devel-linux-x86_64-debian-clang 0.9-3 5.83 36.81 42.64 OK
r-devel-linux-x86_64-debian-gcc 0.9-3 4.57 28.77 33.34 OK
r-devel-linux-x86_64-fedora-clang 0.9-3 59.25 OK
r-devel-linux-x86_64-fedora-gcc 0.9-3 52.06 OK
r-devel-windows-ix86+x86_64 0.9-3 13.00 45.00 58.00 OK
r-patched-linux-x86_64 0.9-3 5.23 36.89 42.12 OK
r-patched-solaris-x86 0.9-3 70.40 OK
r-release-linux-x86_64 0.9-3 5.19 37.32 42.51 OK
r-release-macos-x86_64 0.9-3 ERROR
r-release-windows-ix86+x86_64 0.9-3 16.00 50.00 66.00 OK
r-oldrel-macos-x86_64 0.9-3 OK
r-oldrel-windows-ix86+x86_64 0.9-3 19.00 68.00 87.00 OK

Check Details

Version: 0.9-3
Check: whether package can be installed
Result: ERROR
    Installation failed.
Flavor: r-release-macos-x86_64