CRAN Package Check Results for Package rayvertex

Last updated on 2021-09-26 20:49:19 CEST.

Flavor Version Tinstall Tcheck Ttotal Status Flags
r-devel-linux-x86_64-debian-clang 0.2.3 145.01 45.47 190.48 OK
r-devel-linux-x86_64-debian-gcc 0.2.3 94.24 34.64 128.88 OK
r-devel-linux-x86_64-fedora-clang 0.2.3 277.40 NOTE
r-devel-linux-x86_64-fedora-gcc 0.2.3 241.13 OK
r-devel-windows-x86_64 0.2.3 117.00 61.00 178.00 OK
r-devel-windows-x86_64-gcc10-UCRT 0.2.3 OK
r-patched-linux-x86_64 0.2.3 115.57 44.43 160.00 OK
r-patched-solaris-x86 0.2.3 223.40 OK
r-release-linux-x86_64 0.2.3 112.66 44.21 156.87 OK
r-release-macos-arm64 0.2.3 NOTE
r-release-macos-x86_64 0.2.3 NOTE
r-release-windows-ix86+x86_64 0.2.3 300.00 80.00 380.00 OK
r-oldrel-macos-x86_64 0.2.3 NOTE
r-oldrel-windows-ix86+x86_64 0.2.3 221.00 73.00 294.00 OK

Check Details

Version: 0.2.3
Check: installed package size
Result: NOTE
     installed size is 8.2Mb
     sub-directories of 1Mb or more:
     libs 7.7Mb
Flavors: r-devel-linux-x86_64-fedora-clang, r-release-macos-arm64, r-release-macos-x86_64, r-oldrel-macos-x86_64