CRAN Package Check Results for Package raws.profile

Last updated on 2019-08-23 10:48:22 CEST.

Flavor Version Tinstall Tcheck Ttotal Status Flags
r-devel-linux-x86_64-debian-clang 0.1.0 2.11 19.51 21.62 OK
r-devel-linux-x86_64-debian-gcc 0.1.0 1.69 15.91 17.60 OK
r-devel-linux-x86_64-fedora-clang 0.1.0 25.87 NOTE
r-devel-linux-x86_64-fedora-gcc 0.1.0 25.15 NOTE
r-devel-windows-ix86+x86_64 0.1.0 6.00 45.00 51.00 OK
r-patched-linux-x86_64 0.1.0 1.78 19.36 21.14 OK
r-patched-solaris-x86 0.1.0 47.70 NOTE
r-release-linux-x86_64 0.1.0 1.64 19.19 20.83 OK
r-release-windows-ix86+x86_64 0.1.0 8.00 47.00 55.00 OK
r-release-osx-x86_64 0.1.0 NOTE
r-oldrel-windows-ix86+x86_64 0.1.0 5.00 42.00 47.00 OK
r-oldrel-osx-x86_64 0.1.0 NOTE

Check Details

Version: 0.1.0
Check: dependencies in R code
Result: NOTE
    Namespace in Imports field not imported from: ‘withr’
     All declared Imports should be used.
Flavors: r-devel-linux-x86_64-fedora-clang, r-devel-linux-x86_64-fedora-gcc, r-patched-solaris-x86, r-release-osx-x86_64, r-oldrel-osx-x86_64