CRAN Package Check Results for Package ratesci

Last updated on 2021-09-18 20:52:05 CEST.

Flavor Version Tinstall Tcheck Ttotal Status Flags
r-devel-linux-x86_64-debian-clang 0.3-0 4.21 234.89 239.10 NOTE
r-devel-linux-x86_64-debian-gcc 0.3-0 2.93 162.09 165.02 NOTE
r-devel-linux-x86_64-fedora-clang 0.3-0 282.15 NOTE
r-devel-linux-x86_64-fedora-gcc 0.3-0 269.44 NOTE
r-devel-windows-x86_64 0.3-0 6.00 269.00 275.00 NOTE
r-devel-windows-x86_64-gcc10-UCRT 0.3-0 NOTE
r-patched-linux-x86_64 0.3-0 4.50 220.51 225.01 NOTE
r-patched-solaris-x86 0.3-0 291.40 NOTE
r-release-linux-x86_64 0.3-0 3.96 225.69 229.65 NOTE
r-release-macos-arm64 0.3-0 NOTE
r-release-macos-x86_64 0.3-0 NOTE
r-release-windows-ix86+x86_64 0.3-0 8.00 204.00 212.00 NOTE
r-oldrel-macos-x86_64 0.3-0 OK
r-oldrel-windows-ix86+x86_64 0.3-0 8.00 196.00 204.00 OK

Check Details

Version: 0.3-0
Check: LazyData
Result: NOTE
     'LazyData' is specified without a 'data' directory
Flavors: r-devel-linux-x86_64-debian-clang, r-devel-linux-x86_64-debian-gcc, r-devel-linux-x86_64-fedora-clang, r-devel-linux-x86_64-fedora-gcc, r-devel-windows-x86_64, r-devel-windows-x86_64-gcc10-UCRT, r-patched-linux-x86_64, r-patched-solaris-x86, r-release-linux-x86_64, r-release-macos-arm64, r-release-macos-x86_64, r-release-windows-ix86+x86_64