CRAN Package Check Results for Package rasterbc

Last updated on 2022-09-30 20:52:09 CEST.

Flavor Version Tinstall Tcheck Ttotal Status Flags
r-devel-linux-x86_64-debian-clang 1.0.1 3.83 44.67 48.50 NOTE
r-devel-linux-x86_64-debian-gcc 1.0.1 2.70 34.11 36.81 NOTE
r-devel-linux-x86_64-fedora-clang 1.0.1 70.82 NOTE
r-devel-linux-x86_64-fedora-gcc 1.0.1 67.10 NOTE
r-devel-windows-x86_64 1.0.1 15.00 76.00 91.00 NOTE
r-patched-linux-x86_64 1.0.1 3.16 42.47 45.63 OK
r-release-linux-x86_64 1.0.1 3.73 42.11 45.84 OK
r-release-macos-arm64 1.0.1 24.00 OK
r-release-macos-x86_64 1.0.1 31.00 OK
r-release-windows-x86_64 1.0.1 15.00 74.00 89.00 OK
r-oldrel-macos-arm64 1.0.1 22.00 OK
r-oldrel-macos-x86_64 1.0.1 29.00 OK
r-oldrel-windows-ix86+x86_64 1.0.1 7.00 68.00 75.00 OK

Check Details

Version: 1.0.1
Check: package subdirectories
Result: NOTE
    Problems with news in 'NEWS.md':
    No news entries found.
Flavors: r-devel-linux-x86_64-debian-clang, r-devel-linux-x86_64-debian-gcc, r-devel-linux-x86_64-fedora-clang, r-devel-linux-x86_64-fedora-gcc, r-devel-windows-x86_64