Last updated on 2023-12-06 20:08:52 CET.
Flavor | Version | Tinstall | Tcheck | Ttotal | Status | Flags |
---|---|---|---|---|---|---|
r-devel-linux-x86_64-debian-clang | 3.6-26 | 285.52 | 521.89 | 807.41 | OK | |
r-devel-linux-x86_64-debian-gcc | 3.6-26 | 190.32 | 391.25 | 581.57 | OK | |
r-devel-linux-x86_64-fedora-clang | 3.6-26 | 1123.82 | OK | |||
r-devel-linux-x86_64-fedora-gcc | 3.6-26 | 1089.01 | OK | |||
r-devel-windows-x86_64 | 3.6-26 | 211.00 | 419.00 | 630.00 | NOTE | |
r-patched-linux-x86_64 | 3.6-26 | 230.95 | 498.92 | 729.87 | OK | |
r-release-linux-x86_64 | 3.6-26 | 238.99 | 507.30 | 746.29 | OK | |
r-release-macos-arm64 | 3.6-26 | 213.00 | NOTE | |||
r-release-macos-x86_64 | 3.6-26 | 570.00 | NOTE | |||
r-release-windows-x86_64 | 3.6-26 | 281.00 | 553.00 | 834.00 | NOTE | |
r-oldrel-macos-arm64 | 3.6-26 | 193.00 | NOTE | |||
r-oldrel-macos-x86_64 | 3.6-26 | 743.00 | NOTE | |||
r-oldrel-windows-x86_64 | 3.6-26 | 269.00 | 515.00 | 784.00 | NOTE |
Version: 3.6-26
Check: installed package size
Result: NOTE
installed size is 5.5Mb
sub-directories of 1Mb or more:
R 3.1Mb
libs 1.4Mb
Flavors: r-devel-windows-x86_64, r-release-macos-arm64, r-release-macos-x86_64, r-release-windows-x86_64, r-oldrel-macos-arm64, r-oldrel-macos-x86_64, r-oldrel-windows-x86_64