CRAN Package Check Results for Package rappsflyer

Last updated on 2025-01-19 07:50:10 CET.

Flavor Version Tinstall Tcheck Ttotal Status Flags
r-devel-linux-x86_64-debian-clang 0.2.0 4.79 44.07 48.86 OK
r-devel-linux-x86_64-debian-gcc 0.2.0 3.86 33.05 36.91 OK
r-devel-linux-x86_64-fedora-clang 0.2.0 77.39 OK
r-devel-linux-x86_64-fedora-gcc 0.2.0 87.72 OK
r-devel-windows-x86_64 0.2.0 8.00 63.00 71.00 OK
r-patched-linux-x86_64 0.2.0 4.95 40.99 45.94 NOTE
r-release-linux-x86_64 0.2.0 4.15 40.31 44.46 NOTE
r-release-macos-arm64 0.2.0 38.00 NOTE
r-release-macos-x86_64 0.2.0 54.00 NOTE
r-release-windows-x86_64 0.2.0 8.00 65.00 73.00 NOTE
r-oldrel-macos-arm64 0.2.0 35.00 NOTE
r-oldrel-macos-x86_64 0.2.0 44.00 NOTE
r-oldrel-windows-x86_64 0.2.0 6.00 69.00 75.00 NOTE

Check Details

Version: 0.2.0
Check: LazyData
Result: NOTE 'LazyData' is specified without a 'data' directory Flavors: r-patched-linux-x86_64, r-release-linux-x86_64, r-release-macos-arm64, r-release-macos-x86_64, r-release-windows-x86_64, r-oldrel-macos-arm64, r-oldrel-macos-x86_64, r-oldrel-windows-x86_64