CRAN Package Check Results for Package rangeModelMetadata

Last updated on 2019-08-23 10:48:21 CEST.

Flavor Version Tinstall Tcheck Ttotal Status Flags
r-devel-linux-x86_64-debian-clang 0.1.2 3.33 45.76 49.09 OK
r-devel-linux-x86_64-debian-gcc 0.1.2 2.93 36.47 39.40 OK
r-devel-linux-x86_64-fedora-clang 0.1.2 57.11 NOTE
r-devel-linux-x86_64-fedora-gcc 0.1.2 58.25 NOTE
r-devel-windows-ix86+x86_64 0.1.2 13.00 64.00 77.00 OK
r-patched-linux-x86_64 0.1.2 2.38 45.40 47.78 OK
r-patched-solaris-x86 0.1.2 82.90 NOTE
r-release-linux-x86_64 0.1.2 3.01 44.58 47.59 OK
r-release-windows-ix86+x86_64 0.1.2 25.00 84.00 109.00 OK
r-release-osx-x86_64 0.1.2 NOTE
r-oldrel-windows-ix86+x86_64 0.1.2 12.00 75.00 87.00 OK
r-oldrel-osx-x86_64 0.1.2 NOTE

Check Details

Version: 0.1.2
Check: dependencies in R code
Result: NOTE
    Namespaces in Imports field not imported from:
     ‘ENMeval’ ‘MASS’ ‘biomod2’ ‘dismo’ ‘dplyr’ ‘ecospat’ ‘googlesheets’
     ‘jsonlite’ ‘rgbif’ ‘rgdal’ ‘rgeos’ ‘sp’ ‘spThin’ ‘spatstat’
     All declared Imports should be used.
Flavors: r-devel-linux-x86_64-fedora-clang, r-devel-linux-x86_64-fedora-gcc, r-patched-solaris-x86, r-release-osx-x86_64, r-oldrel-osx-x86_64