CRAN Package Check Results for Package rangeModelMetadata

Last updated on 2020-01-25 08:50:09 CET.

Flavor Version Tinstall Tcheck Ttotal Status Flags
r-devel-linux-x86_64-debian-clang 0.1.2 3.49 49.59 53.08 OK
r-devel-linux-x86_64-debian-gcc 0.1.2 3.36 38.46 41.82 OK
r-devel-linux-x86_64-fedora-clang 0.1.2 68.55 NOTE
r-devel-linux-x86_64-fedora-gcc 0.1.2 66.41 NOTE
r-devel-windows-ix86+x86_64 0.1.2 26.00 86.00 112.00 OK
r-devel-windows-ix86+x86_64-gcc8 0.1.2 20.00 64.00 84.00 OK
r-patched-linux-x86_64 0.1.2 3.46 44.86 48.32 OK
r-patched-solaris-x86 0.1.2 83.80 NOTE
r-release-linux-x86_64 0.1.2 3.23 45.56 48.79 OK
r-release-windows-ix86+x86_64 0.1.2 10.00 75.00 85.00 OK
r-release-osx-x86_64 0.1.2 NOTE
r-oldrel-windows-ix86+x86_64 0.1.2 7.00 54.00 61.00 OK
r-oldrel-osx-x86_64 0.1.2 NOTE

Check Details

Version: 0.1.2
Check: dependencies in R code
Result: NOTE
    Namespaces in Imports field not imported from:
     ‘ENMeval’ ‘MASS’ ‘biomod2’ ‘dismo’ ‘dplyr’ ‘ecospat’ ‘googlesheets’
     ‘jsonlite’ ‘rgbif’ ‘rgdal’ ‘rgeos’ ‘sp’ ‘spThin’ ‘spatstat’
     All declared Imports should be used.
Flavors: r-devel-linux-x86_64-fedora-clang, r-devel-linux-x86_64-fedora-gcc, r-patched-solaris-x86, r-release-osx-x86_64, r-oldrel-osx-x86_64