CRAN Package Check Results for Package randtoolbox

Last updated on 2023-06-08 21:52:16 CEST.

Flavor Version Tinstall Tcheck Ttotal Status Flags
r-devel-linux-x86_64-debian-clang 2.0.4 14.76 74.51 89.27 OK
r-devel-linux-x86_64-debian-gcc 2.0.4 10.61 57.23 67.84 OK
r-devel-linux-x86_64-fedora-clang 2.0.4 112.63 OK
r-devel-linux-x86_64-fedora-gcc 2.0.4 121.37 OK
r-devel-windows-x86_64 2.0.4 29.00 124.00 153.00 OK
r-patched-linux-x86_64 2.0.4 12.84 72.64 85.48 OK
r-release-linux-x86_64 2.0.4 12.10 71.88 83.98 OK
r-release-macos-arm64 2.0.4 56.00 OK
r-release-macos-x86_64 2.0.4 76.00 NOTE
r-release-windows-x86_64 2.0.4 32.00 146.00 178.00 OK
r-oldrel-macos-arm64 2.0.4 54.00 OK
r-oldrel-macos-x86_64 2.0.4 65.00 OK
r-oldrel-windows-x86_64 2.0.4 67.00 196.00 263.00 OK

Check Details

Version: 2.0.4
Check: re-building of vignette outputs
Result: NOTE
    Error(s) in re-building vignettes:
    --- re-building ‘fullpres.Rnw’ using Sweave
    Loading required package: rngWELL
    This is randtoolbox. For an overview, type 'help("randtoolbox")'.
    Warning in sobol(10^3, 2, scrambling = 1) :
     scrambling is currently disabled.
    Warning in sobol(10^3, 2, scrambling = 2) :
     scrambling is currently disabled.
    Warning in coll.test(runif, 2^7, 2^10, 1, echo = FALSE) :
     p-values will be approximated in the presence of low expected collision number.
    Warning in coll.test(congruRand, 2^8, 2^14, 1, echo = FALSE) :
     p-values will be approximated in the presence of low expected collision number.
    Error: processing vignette 'fullpres.Rnw' failed with diagnostics:
    Running 'texi2dvi' on 'fullpres.tex' failed.
    LaTeX errors:
    ! LaTeX Error: File `perpage.sty' not found.
    
    Type X to quit or <RETURN> to proceed,
    or enter new name. (Default extension: sty)
    
    ! Emergency stop.
    <read *>
    
    l.79 \MakePerPage
     [1]{footnote}^^M
    ! ==> Fatal error occurred, no output PDF file produced!
    --- failed re-building ‘fullpres.Rnw’
    
    --- re-building ‘shortintro.Rnw’ using Sweave
    Loading required package: rngWELL
    This is randtoolbox. For an overview, type 'help("randtoolbox")'.
    Warning in RNGkind("default") :
     someone corrupted the random-number generator: re-initializing
    Error: processing vignette 'shortintro.Rnw' failed with diagnostics:
    Running 'texi2dvi' on 'shortintro.tex' failed.
    LaTeX errors:
    ! LaTeX Error: File `perpage.sty' not found.
    
    Type X to quit or <RETURN> to proceed,
    or enter new name. (Default extension: sty)
    
    ! Emergency stop.
    <read *>
    
    l.87 \MakePerPage
     [1]{footnote}^^M
    ! ==> Fatal error occurred, no output PDF file produced!
    --- failed re-building ‘shortintro.Rnw’
    
    SUMMARY: processing the following files failed:
     ‘fullpres.Rnw’ ‘shortintro.Rnw’
    
    Error: Vignette re-building failed.
    Execution halted
Flavor: r-release-macos-x86_64