CRAN Package Check Results for Package randomsearch

Last updated on 2019-12-07 08:49:40 CET.

Flavor Version Tinstall Tcheck Ttotal Status Flags
r-devel-linux-x86_64-debian-clang 0.2.0 6.32 200.02 206.34 OK
r-devel-linux-x86_64-debian-gcc 0.2.0 5.16 148.79 153.95 OK
r-devel-linux-x86_64-fedora-clang 0.2.0 221.71 OK
r-devel-linux-x86_64-fedora-gcc 0.2.0 217.99 OK
r-devel-windows-ix86+x86_64 0.2.0 18.00 221.00 239.00 OK
r-devel-windows-ix86+x86_64-gcc8 0.2.0 19.00 234.00 253.00 OK
r-patched-linux-x86_64 0.2.0 5.91 182.90 188.81 OK
r-patched-solaris-x86 0.2.0 294.80 ERROR
r-release-linux-x86_64 0.2.0 5.05 184.67 189.72 OK
r-release-windows-ix86+x86_64 0.2.0 12.00 162.00 174.00 OK
r-release-osx-x86_64 0.2.0 OK
r-oldrel-windows-ix86+x86_64 0.2.0 6.00 215.00 221.00 OK
r-oldrel-osx-x86_64 0.2.0 OK

Check Details

Version: 0.2.0
Check: tests
Result: ERROR
     Running ‘testthat.R’ [190s/210s]
    Running the tests in ‘tests/testthat.R’ failed.
    Complete output:
     > library(testthat)
     > library(randomsearch)
     Loading required package: ParamHelpers
     Loading required package: smoof
     Loading required package: BBmisc
    
     Attaching package: 'BBmisc'
    
     The following object is masked from 'package:base':
    
     isFALSE
    
     Loading required package: checkmate
     >
     > test_check("randomsearch")
     Error : [ENOENT] Failed to stat '/tmp/RtmpeZaiME/working_dir/RtmpAsa4TR/file576f2d3eb52/2_44': no such file or directory
     ── 1. Error: parallel randomsearch works with parallelMap (@test_randomsearch.R#
     [ENOENT] Failed to stat '/tmp/RtmpeZaiME/working_dir/RtmpAsa4TR/file576f2d3eb52/2_44': no such file or directory
    
     Backtrace:
     1. randomsearch::randomsearch(...)
     2. randomsearch:::randomsearch.smoof_function(...)
     3. parallelMap::parallelMap(...)
     4. parallelMap:::checkResultsAndStopWithErrorsMessages(res)
     5. parallelMap:::stopWithJobErrorMessages(...)
     6. BBmisc::stopf(...)
    
     ══ testthat results ═══════════════════════════════════════════════════════════
     [ OK: 69 | SKIPPED: 0 | WARNINGS: 0 | FAILED: 1 ]
     1. Error: parallel randomsearch works with parallelMap (@test_randomsearch.R#83)
    
     Error: testthat unit tests failed
     Execution halted
Flavor: r-patched-solaris-x86