CRAN Package Check Results for Package randomsearch

Last updated on 2020-07-05 21:47:57 CEST.

Flavor Version Tinstall Tcheck Ttotal Status Flags
r-devel-linux-x86_64-debian-clang 0.2.0 6.71 202.95 209.66 OK
r-devel-linux-x86_64-debian-gcc 0.2.0 5.69 148.84 154.53 OK
r-devel-linux-x86_64-fedora-clang 0.2.0 241.86 OK
r-devel-linux-x86_64-fedora-gcc 0.2.0 241.89 OK
r-devel-windows-ix86+x86_64 0.2.0 27.00 160.00 187.00 OK
r-patched-linux-x86_64 0.2.0 6.54 198.80 205.34 OK
r-patched-solaris-x86 0.2.0 302.90 ERROR
r-release-linux-x86_64 0.2.0 6.07 199.38 205.45 OK
r-release-osx-x86_64 0.2.0 OK
r-release-windows-ix86+x86_64 0.2.0 18.00 165.00 183.00 OK
r-oldrel-osx-x86_64 0.2.0 OK
r-oldrel-windows-ix86+x86_64 0.2.0 28.00 245.00 273.00 OK

Check Details

Version: 0.2.0
Check: tests
Result: ERROR
     Running ‘testthat.R’ [193s/214s]
    Running the tests in ‘tests/testthat.R’ failed.
    Complete output:
     > library(testthat)
     > library(randomsearch)
     Loading required package: ParamHelpers
     Loading required package: smoof
     Loading required package: checkmate
     >
     > test_check("randomsearch")
     Error : [ENOENT] Failed to stat '/tmp/RtmpD.aiZe/working_dir/RtmpoXayyw/file2cc3f227469/2_20': no such file or directory
     ── 1. Error: parallel randomsearch works with parallelMap (@test_randomsearch.R#
     [ENOENT] Failed to stat '/tmp/RtmpD.aiZe/working_dir/RtmpoXayyw/file2cc3f227469/2_20': no such file or directory
    
     Backtrace:
     1. randomsearch::randomsearch(...)
     2. randomsearch:::randomsearch.smoof_function(...)
     3. parallelMap::parallelMap(...)
     4. parallelMap:::checkResultsAndStopWithErrorsMessages(res)
     5. parallelMap:::stopWithJobErrorMessages(...)
     6. BBmisc::stopf(...)
    
     ══ testthat results ═══════════════════════════════════════════════════════════
     [ OK: 69 | SKIPPED: 0 | WARNINGS: 0 | FAILED: 1 ]
     1. Error: parallel randomsearch works with parallelMap (@test_randomsearch.R#83)
    
     Error: testthat unit tests failed
     Execution halted
Flavor: r-patched-solaris-x86