CRAN Package Check Results for Package randomizationInference

Last updated on 2021-12-06 19:50:49 CET.

Flavor Version Tinstall Tcheck Ttotal Status Flags
r-devel-linux-x86_64-debian-clang 1.0.3 2.46 35.90 38.36 NOTE
r-devel-linux-x86_64-debian-gcc 1.0.3 1.60 27.99 29.59 NOTE
r-devel-linux-x86_64-fedora-clang 1.0.3 47.44 NOTE
r-devel-linux-x86_64-fedora-gcc 1.0.3 36.66 NOTE
r-devel-windows-x86_64-new-UL 1.0.3 7.00 64.00 71.00 NOTE
r-devel-windows-x86_64-new-TK 1.0.3 NOTE
r-devel-windows-x86_64-old 1.0.3 4.00 36.00 40.00 NOTE
r-patched-linux-x86_64 1.0.3 2.50 26.32 28.82 NOTE
r-release-linux-x86_64 1.0.3 2.35 34.67 37.02 NOTE
r-release-macos-arm64 1.0.3 NOTE
r-release-macos-x86_64 1.0.3 NOTE
r-release-windows-ix86+x86_64 1.0.3 5.00 45.00 50.00 NOTE
r-oldrel-macos-x86_64 1.0.3 NOTE
r-oldrel-windows-ix86+x86_64 1.0.3 5.00 46.00 51.00 NOTE

Check Details

Version: 1.0.3
Check: R code for possible problems
Result: NOTE
    anovaF: no visible global function definition for 'anova'
    anovaF: no visible global function definition for 'lm'
    randInterval: no visible global function definition for 'quantile'
    randInterval : <anonymous>: no visible global function definition for
     'quantile'
    randPlot: no visible global function definition for 'par'
    randPlot: no visible global function definition for 'hist'
    randPlot: no visible global function definition for 'abline'
    Undefined global functions or variables:
     abline anova hist lm par quantile
    Consider adding
     importFrom("graphics", "abline", "hist", "par")
     importFrom("stats", "anova", "lm", "quantile")
    to your NAMESPACE file.
Flavors: r-devel-linux-x86_64-debian-clang, r-devel-linux-x86_64-debian-gcc, r-devel-linux-x86_64-fedora-clang, r-devel-linux-x86_64-fedora-gcc, r-devel-windows-x86_64-new-UL, r-devel-windows-x86_64-new-TK, r-devel-windows-x86_64-old, r-patched-linux-x86_64, r-release-linux-x86_64, r-release-macos-arm64, r-release-macos-x86_64, r-release-windows-ix86+x86_64, r-oldrel-macos-x86_64, r-oldrel-windows-ix86+x86_64