CRAN Package Check Results for Package randomNames

Last updated on 2021-09-16 08:50:43 CEST.

Flavor Version Tinstall Tcheck Ttotal Status Flags
r-devel-linux-x86_64-debian-clang 1.5-0.0 4.46 33.54 38.00 OK
r-devel-linux-x86_64-debian-gcc 1.5-0.0 3.52 25.54 29.06 OK
r-devel-linux-x86_64-fedora-clang 1.5-0.0 55.47 OK
r-devel-linux-x86_64-fedora-gcc 1.5-0.0 42.99 OK
r-devel-windows-x86_64 1.5-0.0 6.00 52.00 58.00 OK
r-devel-windows-x86_64-gcc10-UCRT 1.5-0.0 OK
r-patched-linux-x86_64 1.5-0.0 4.41 31.41 35.82 OK
r-patched-solaris-x86 1.5-0.0 69.20 OK
r-release-linux-x86_64 1.5-0.0 3.83 31.65 35.48 OK
r-release-macos-arm64 1.5-0.0 WARN
r-release-macos-x86_64 1.5-0.0 WARN
r-release-windows-ix86+x86_64 1.5-0.0 9.00 36.00 45.00 OK
r-oldrel-macos-x86_64 1.5-0.0 WARN
r-oldrel-windows-ix86+x86_64 1.5-0.0 14.00 46.00 60.00 OK

Check Details

Version: 1.5-0.0
Check: re-building of vignette outputs
Result: WARN
    Error(s) in re-building vignettes:
     ...
    --- re-building ‘randomNames.Rmd’ using rmarkdown
    Pandoc is required to build R Markdown vignettes but not available. Please make sure it is installed.
    Quitting from lines 13-26 (randomNames.Rmd)
    Error: processing vignette 'randomNames.Rmd' failed with diagnostics:
    argument is of length zero
    --- failed re-building ‘randomNames.Rmd’
    
    SUMMARY: processing the following file failed:
     ‘randomNames.Rmd’
    
    Error: Vignette re-building failed.
    Execution halted
Flavor: r-release-macos-arm64

Version: 1.5-0.0
Check: re-building of vignette outputs
Result: WARN
    Error(s) in re-building vignettes:
     ...
    --- re-building ‘randomNames.Rmd’ using rmarkdown
    Warning in engine$weave(file, quiet = quiet, encoding = enc) :
     Pandoc (>= 1.12.3) not available. Falling back to R Markdown v1.
    Quitting from lines 13-26 (randomNames.Rmd)
    Error: processing vignette 'randomNames.Rmd' failed with diagnostics:
    argument is of length zero
    --- failed re-building ‘randomNames.Rmd’
    
    SUMMARY: processing the following file failed:
     ‘randomNames.Rmd’
    
    Error: Vignette re-building failed.
    Execution halted
Flavors: r-release-macos-x86_64, r-oldrel-macos-x86_64