CRAN Package Check Results for Package ralger

Last updated on 2024-02-23 19:48:56 CET.

Flavor Version Tinstall Tcheck Ttotal Status Flags
r-devel-linux-x86_64-debian-clang 2.2.4 NOTE
r-devel-linux-x86_64-debian-gcc 2.2.4 4.10 48.58 52.68 NOTE
r-devel-linux-x86_64-fedora-clang 2.2.4 92.56 NOTE
r-devel-linux-x86_64-fedora-gcc 2.2.4 100.01 NOTE
r-devel-windows-x86_64 2.2.4 7.00 74.00 81.00 NOTE
r-patched-linux-x86_64 2.2.4 4.74 61.15 65.89 NOTE
r-release-linux-x86_64 2.2.4 3.59 60.57 64.16 NOTE
r-release-macos-arm64 2.2.4 49.00 NOTE
r-release-macos-x86_64 2.2.4 66.00 NOTE
r-release-windows-x86_64 2.2.4 8.00 83.00 91.00 NOTE
r-oldrel-macos-arm64 2.2.4 44.00 NOTE
r-oldrel-windows-x86_64 2.2.4 9.00 88.00 97.00 NOTE

Check Details

Version: 2.2.4
Check: LazyData
Result: NOTE 'LazyData' is specified without a 'data' directory Flavors: r-devel-linux-x86_64-debian-clang, r-devel-linux-x86_64-debian-gcc, r-devel-linux-x86_64-fedora-clang, r-devel-linux-x86_64-fedora-gcc, r-devel-windows-x86_64, r-patched-linux-x86_64, r-release-linux-x86_64, r-release-macos-arm64, r-release-macos-x86_64, r-release-windows-x86_64, r-oldrel-macos-arm64, r-oldrel-windows-x86_64