CRAN Package Check Results for Package radiant.model

Last updated on 2021-10-27 08:56:15 CEST.

Flavor Version Tinstall Tcheck Ttotal Status Flags
r-devel-linux-x86_64-debian-clang 1.4.1 26.83 223.12 249.95 OK
r-devel-linux-x86_64-debian-gcc 1.4.1 24.15 177.54 201.69 OK
r-devel-linux-x86_64-fedora-clang 1.4.1 302.24 NOTE
r-devel-linux-x86_64-fedora-gcc 1.4.1 291.14 OK
r-devel-windows-x86_64 1.4.1 42.00 274.00 316.00 OK
r-devel-windows-x86_64-gcc10-UCRT 1.4.1 OK
r-patched-linux-x86_64 1.4.1 32.17 211.75 243.92 OK
r-patched-solaris-x86 1.4.1 385.90 OK
r-release-linux-x86_64 1.4.1 25.14 209.79 234.93 OK
r-release-macos-arm64 1.4.1 OK
r-release-macos-x86_64 1.4.1 OK
r-release-windows-ix86+x86_64 1.4.1 46.00 252.00 298.00 OK
r-oldrel-macos-x86_64 1.4.1 OK
r-oldrel-windows-ix86+x86_64 1.4.1 40.00 206.00 246.00 OK

Check Details

Version: 1.4.1
Check: package dependencies
Result: NOTE
    Imports includes 26 non-default packages.
    Importing from so many packages makes the package vulnerable to any of
    them becoming unavailable. Move as many as possible to Suggests and
    use conditionally.
Flavor: r-devel-linux-x86_64-fedora-clang