CRAN Package Check Results for Package radiant.data

Last updated on 2019-12-07 08:49:39 CET.

Flavor Version Tinstall Tcheck Ttotal Status Flags
r-devel-linux-x86_64-debian-clang 1.0.6 14.10 114.46 128.56 OK
r-devel-linux-x86_64-debian-gcc 1.0.6 11.32 86.19 97.51 OK
r-devel-linux-x86_64-fedora-clang 1.0.6 149.28 OK
r-devel-linux-x86_64-fedora-gcc 1.0.6 142.59 OK
r-devel-windows-ix86+x86_64 1.0.6 40.00 189.00 229.00 OK
r-devel-windows-ix86+x86_64-gcc8 1.0.6 34.00 223.00 257.00 OK
r-patched-linux-x86_64 1.0.6 12.97 100.88 113.85 OK
r-patched-solaris-x86 1.0.6 199.60 NOTE
r-release-linux-x86_64 1.0.6 11.74 101.56 113.30 OK
r-release-windows-ix86+x86_64 1.0.6 27.00 141.00 168.00 OK
r-release-osx-x86_64 1.0.6 OK
r-oldrel-windows-ix86+x86_64 1.0.6 20.00 197.00 217.00 OK
r-oldrel-osx-x86_64 1.0.6 OK

Check Details

Version: 1.0.6
Check: package dependencies
Result: NOTE
    Package suggested but not available for checking: ‘odbc’
Flavor: r-patched-solaris-x86