CRAN Package Check Results for Package radiant.basics

Last updated on 2021-09-20 20:49:00 CEST.

Flavor Version Tinstall Tcheck Ttotal Status Flags
r-devel-linux-x86_64-debian-clang 1.4.0 16.44 132.61 149.05 OK
r-devel-linux-x86_64-debian-gcc 1.4.0 12.83 96.44 109.27 OK
r-devel-linux-x86_64-fedora-clang 1.4.0 179.26 OK
r-devel-linux-x86_64-fedora-gcc 1.4.0 167.02 OK
r-devel-windows-x86_64 1.4.0 20.00 123.00 143.00 OK
r-devel-windows-x86_64-gcc10-UCRT 1.4.0 ERROR
r-patched-linux-x86_64 1.4.0 17.84 123.24 141.08 OK
r-patched-solaris-x86 1.4.0 233.10 OK
r-release-linux-x86_64 1.4.0 16.33 122.46 138.79 OK
r-release-macos-arm64 1.4.0 OK
r-release-macos-x86_64 1.4.0 OK
r-release-windows-ix86+x86_64 1.4.0 39.00 122.00 161.00 OK
r-oldrel-macos-x86_64 1.4.0 OK
r-oldrel-windows-ix86+x86_64 1.4.0 37.00 127.00 164.00 OK

Check Details

Version: 1.4.0
Check: whether package can be installed
Result: WARN
    Found the following significant warnings:
     WARNING: installation-time patches will not be applied, could not get the patches index
Flavor: r-devel-windows-x86_64-gcc10-UCRT

Version: 1.4.0
Check: PDF version of manual
Result: WARN
    LaTeX errors when creating PDF version.
    This typically indicates Rd problems.
Flavor: r-devel-windows-x86_64-gcc10-UCRT

Version: 1.4.0
Check: PDF version of manual without hyperrefs or index
Result: ERROR
    Re-running with no redirection of stdout/stderr.
Flavor: r-devel-windows-x86_64-gcc10-UCRT