CRAN Package Check Results for Package raceland

Last updated on 2019-12-07 08:49:39 CET.

Flavor Version Tinstall Tcheck Ttotal Status Flags
r-devel-linux-x86_64-debian-clang 1.0.3 76.53 256.81 333.34 OK
r-devel-linux-x86_64-debian-gcc 1.0.3 55.75 226.20 281.95 OK
r-devel-linux-x86_64-fedora-clang 1.0.3 412.13 NOTE
r-devel-linux-x86_64-fedora-gcc 1.0.3 400.11 NOTE
r-devel-windows-ix86+x86_64 1.0.3 157.00 362.00 519.00 OK
r-devel-windows-ix86+x86_64-gcc8 1.0.3 195.00 381.00 576.00 OK
r-patched-linux-x86_64 1.0.3 61.81 240.26 302.07 OK
r-patched-solaris-x86 1.0.3 579.10 NOTE
r-release-linux-x86_64 1.0.3 58.45 240.87 299.32 OK
r-release-windows-ix86+x86_64 1.0.3 200.00 274.00 474.00 OK
r-release-osx-x86_64 1.0.3 NOTE
r-oldrel-windows-ix86+x86_64 1.0.3 152.00 351.00 503.00 OK
r-oldrel-osx-x86_64 1.0.3 NOTE

Check Details

Version: 1.0.3
Check: dependencies in R code
Result: NOTE
    Namespace in Imports field not imported from: ‘comat’
     All declared Imports should be used.
Flavors: r-devel-linux-x86_64-fedora-clang, r-devel-linux-x86_64-fedora-gcc, r-patched-solaris-x86, r-release-osx-x86_64, r-oldrel-osx-x86_64