CRAN Package Check Results for Package raceland

Last updated on 2020-07-05 21:47:57 CEST.

Flavor Version Tinstall Tcheck Ttotal Status Flags
r-devel-linux-x86_64-debian-clang 1.0.8 90.19 265.13 355.32 OK
r-devel-linux-x86_64-debian-gcc 1.0.8 64.32 231.08 295.40 OK
r-devel-linux-x86_64-fedora-clang 1.0.8 449.64 NOTE
r-devel-linux-x86_64-fedora-gcc 1.0.8 427.68 NOTE
r-devel-windows-ix86+x86_64 1.0.8 222.00 288.00 510.00 OK
r-patched-linux-x86_64 1.0.8 68.01 262.05 330.06 OK
r-patched-solaris-x86 1.0.8 587.10 NOTE
r-release-linux-x86_64 1.0.8 67.55 261.30 328.85 OK
r-release-osx-x86_64 1.0.8 NOTE
r-release-windows-ix86+x86_64 1.0.8 173.00 289.00 462.00 OK
r-oldrel-osx-x86_64 1.0.8 NOTE
r-oldrel-windows-ix86+x86_64 1.0.8 187.00 387.00 574.00 OK

Check Details

Version: 1.0.8
Check: dependencies in R code
Result: NOTE
    Namespaces in Imports field not imported from:
     ‘comat’ ‘rgdal’
     All declared Imports should be used.
Flavors: r-devel-linux-x86_64-fedora-clang, r-devel-linux-x86_64-fedora-gcc, r-patched-solaris-x86, r-release-osx-x86_64, r-oldrel-osx-x86_64